CRAN Package Check Results for Package GeodRegr

Last updated on 2022-06-25 23:56:18 CEST.

Flavor Version Tinstall Tcheck Ttotal Status Flags
r-devel-linux-x86_64-debian-clang 0.2.0 3.77 38.55 42.32 OK
r-devel-linux-x86_64-debian-gcc 0.2.0 3.87 28.18 32.05 OK
r-devel-linux-x86_64-fedora-clang 0.2.0 68.59 NOTE
r-devel-linux-x86_64-fedora-gcc 0.2.0 61.42 OK
r-devel-windows-x86_64 0.2.0 38.00 62.00 100.00 OK
r-patched-linux-x86_64 0.2.0 5.28 37.00 42.28 OK
r-release-linux-x86_64 0.2.0 4.94 36.65 41.59 OK
r-release-macos-arm64 0.2.0 18.00 OK
r-release-macos-x86_64 0.2.0 26.00 OK
r-release-windows-x86_64 0.2.0 32.00 59.00 91.00 OK
r-oldrel-macos-arm64 0.2.0 29.00 OK
r-oldrel-macos-x86_64 0.2.0 25.00 OK
r-oldrel-windows-ix86+x86_64 0.2.0 9.00 55.00 64.00 OK

Check Details

Version: 0.2.0
Check: Rd cross-references
Result: NOTE
    Undeclared package ‘RiemBase’ in Rd xrefs
Flavor: r-devel-linux-x86_64-fedora-clang