CRAN Package Check Results for Package GapAnalysis

Last updated on 2021-09-22 23:49:56 CEST.

Flavor Version Tinstall Tcheck Ttotal Status Flags
r-devel-linux-x86_64-debian-clang 1.0.2 15.03 162.38 177.41 OK
r-devel-linux-x86_64-debian-gcc 1.0.2 14.04 119.14 133.18 OK
r-devel-linux-x86_64-fedora-clang 1.0.2 222.69 NOTE
r-devel-linux-x86_64-fedora-gcc 1.0.2 202.32 NOTE
r-devel-windows-x86_64 1.0.2 18.00 144.00 162.00 OK
r-devel-windows-x86_64-gcc10-UCRT 1.0.2 ERROR
r-patched-linux-x86_64 1.0.2 16.30 153.37 169.67 OK
r-patched-solaris-x86 1.0.2 275.90 NOTE
r-release-linux-x86_64 1.0.2 15.79 153.73 169.52 OK
r-release-macos-arm64 1.0.2 NOTE
r-release-macos-x86_64 1.0.2 NOTE
r-release-windows-ix86+x86_64 1.0.2 40.00 188.00 228.00 OK
r-oldrel-macos-x86_64 1.0.2 NOTE
r-oldrel-windows-ix86+x86_64 1.0.2 26.00 139.00 165.00 OK

Check Details

Version: 1.0.2
Check: data for non-ASCII characters
Result: NOTE
     Note: found 2 marked UTF-8 strings
Flavors: r-devel-linux-x86_64-fedora-clang, r-devel-linux-x86_64-fedora-gcc, r-patched-solaris-x86, r-release-macos-arm64, r-release-macos-x86_64, r-oldrel-macos-x86_64

Version: 1.0.2
Check: package dependencies
Result: ERROR
    Packages required but not available: 'tmap', 'sf'
    
    Packages suggested but not available for checking: 'rgdal', 'kableExtra'
    
    See section 'The DESCRIPTION file' in the 'Writing R Extensions'
    manual.
Flavor: r-devel-windows-x86_64-gcc10-UCRT