CRAN Package Check Results for Package GWmodel

Last updated on 2021-10-19 23:52:56 CEST.

Flavor Version Tinstall Tcheck Ttotal Status Flags
r-devel-linux-x86_64-debian-clang 2.2-8 86.23 365.00 451.23 OK
r-devel-linux-x86_64-debian-gcc 2.2-8 67.66 267.44 335.10 OK
r-devel-linux-x86_64-fedora-clang 2.2-8 577.93 NOTE
r-devel-linux-x86_64-fedora-gcc 2.2-8 550.50 OK
r-devel-windows-x86_64 2.2-8 125.00 424.00 549.00 OK
r-devel-windows-x86_64-gcc10-UCRT 2.2-8 OK
r-patched-linux-x86_64 2.2-8 79.52 356.31 435.83 OK
r-patched-solaris-x86 2.2-8 633.10 OK
r-release-linux-x86_64 2.2-8 67.01 350.40 417.41 OK
r-release-macos-arm64 2.2-7 NOTE
r-release-macos-x86_64 2.2-8 NOTE
r-release-windows-ix86+x86_64 2.2-8 139.00 399.00 538.00 NOTE
r-oldrel-macos-x86_64 2.2-8 NOTE
r-oldrel-windows-ix86+x86_64 2.2-8 97.00 5.00 102.00 ERROR

Check Details

Version: 2.2-8
Check: installed package size
Result: NOTE
     installed size is 6.4Mb
     sub-directories of 1Mb or more:
     data 1.5Mb
     libs 4.0Mb
Flavors: r-devel-linux-x86_64-fedora-clang, r-release-macos-x86_64, r-release-windows-ix86+x86_64, r-oldrel-macos-x86_64

Version: 2.2-7
Check: installed package size
Result: NOTE
     installed size is 7.9Mb
     sub-directories of 1Mb or more:
     data 1.5Mb
     libs 5.6Mb
Flavor: r-release-macos-arm64

Version: 2.2-8
Check: whether package can be installed
Result: ERROR
    Installation failed.
Flavor: r-oldrel-windows-ix86+x86_64