CRAN Package Check Results for Package GUniFrac

Last updated on 2024-06-18 23:49:29 CEST.

Flavor Version Tinstall Tcheck Ttotal Status Flags
r-devel-linux-x86_64-debian-clang 1.8 48.15 171.04 219.19 OK
r-devel-linux-x86_64-debian-gcc 1.8 33.48 124.05 157.53 OK
r-devel-linux-x86_64-fedora-clang 1.8 279.03 NOTE
r-devel-linux-x86_64-fedora-gcc 1.8 349.88 OK
r-devel-windows-x86_64 1.8 40.00 152.00 192.00 OK
r-patched-linux-x86_64 1.8 44.99 166.52 211.51 OK
r-release-linux-x86_64 1.8 40.18 162.18 202.36 OK
r-release-macos-arm64 1.8 80.00 OK
r-release-macos-x86_64 1.8 115.00 OK
r-release-windows-x86_64 1.8 39.00 150.00 189.00 OK
r-oldrel-macos-arm64 1.8 107.00 OK
r-oldrel-macos-x86_64 1.8 181.00 OK
r-oldrel-windows-x86_64 1.8 51.00 193.00 244.00 OK

Check Details

Version: 1.8
Check: Rd cross-references
Result: NOTE Undeclared package ‘permute’ in Rd xrefs Flavor: r-devel-linux-x86_64-fedora-clang