CRAN Package Check Results for Package GMZTests

Last updated on 2021-10-15 23:50:30 CEST.

Flavor Version Tinstall Tcheck Ttotal Status Flags
r-devel-linux-x86_64-debian-clang 0.1.4 8.74 73.25 81.99 NOTE
r-devel-linux-x86_64-debian-gcc 0.1.4 7.42 56.57 63.99 NOTE
r-devel-linux-x86_64-fedora-clang 0.1.4 108.43 NOTE
r-devel-linux-x86_64-fedora-gcc 0.1.4 98.45 NOTE
r-devel-windows-x86_64 0.1.4 16.00 69.00 85.00 NOTE
r-devel-windows-x86_64-gcc10-UCRT 0.1.4 NOTE
r-patched-linux-x86_64 0.1.4 9.06 70.98 80.04 NOTE
r-patched-solaris-x86 0.1.4 149.90 NOTE
r-release-linux-x86_64 0.1.4 8.86 70.62 79.48 NOTE
r-release-macos-arm64 0.1.4 NOTE
r-release-macos-x86_64 0.1.4 NOTE
r-release-windows-ix86+x86_64 0.1.4 21.00 95.00 116.00 NOTE
r-oldrel-macos-x86_64 0.1.4 OK
r-oldrel-windows-ix86+x86_64 0.1.4 20.00 95.00 115.00 OK

Check Details

Version: 0.1.4
Check: LazyData
Result: NOTE
     'LazyData' is specified without a 'data' directory
Flavors: r-devel-linux-x86_64-debian-clang, r-devel-linux-x86_64-debian-gcc, r-devel-linux-x86_64-fedora-clang, r-devel-linux-x86_64-fedora-gcc, r-devel-windows-x86_64, r-devel-windows-x86_64-gcc10-UCRT, r-patched-linux-x86_64, r-patched-solaris-x86, r-release-linux-x86_64, r-release-macos-arm64, r-release-macos-x86_64, r-release-windows-ix86+x86_64