CRAN Package Check Results for Package GMKMcharlie

Last updated on 2021-12-04 23:50:33 CET.

Flavor Version Tinstall Tcheck Ttotal Status Flags
r-devel-linux-x86_64-debian-clang 1.1.5 162.11 68.40 230.51 NOTE
r-devel-linux-x86_64-debian-gcc 1.1.5 126.15 54.32 180.47 NOTE
r-devel-linux-x86_64-fedora-clang 1.1.5 354.44 NOTE
r-devel-linux-x86_64-fedora-gcc 1.1.5 324.37 NOTE
r-devel-windows-x86_64-new-UL 1.1.5 198.00 132.00 330.00 NOTE
r-devel-windows-x86_64-new-TK 1.1.5 NOTE
r-devel-windows-x86_64-old 1.1.5 210.00 75.00 285.00 NOTE
r-patched-linux-x86_64 1.1.5 146.10 61.25 207.35 NOTE
r-release-linux-x86_64 1.1.5 149.68 60.45 210.13 NOTE
r-release-macos-arm64 1.1.5 NOTE
r-release-macos-x86_64 1.1.5 NOTE
r-release-windows-ix86+x86_64 1.1.5 396.00 156.00 552.00 NOTE
r-oldrel-macos-x86_64 1.1.5 NOTE
r-oldrel-windows-ix86+x86_64 1.1.5 388.00 157.00 545.00 NOTE

Check Details

Version: 1.1.5
Check: for GNU extensions in Makefiles
Result: NOTE
    GNU make is a SystemRequirements.
Flavors: r-devel-linux-x86_64-debian-clang, r-devel-linux-x86_64-debian-gcc, r-devel-linux-x86_64-fedora-clang, r-devel-linux-x86_64-fedora-gcc, r-devel-windows-x86_64-new-UL, r-devel-windows-x86_64-new-TK, r-devel-windows-x86_64-old, r-patched-linux-x86_64, r-release-linux-x86_64, r-release-macos-arm64, r-release-macos-x86_64, r-release-windows-ix86+x86_64, r-oldrel-macos-x86_64, r-oldrel-windows-ix86+x86_64

Version: 1.1.5
Check: installed package size
Result: NOTE
     installed size is 10.8Mb
     sub-directories of 1Mb or more:
     libs 10.6Mb
Flavors: r-devel-linux-x86_64-fedora-clang, r-release-macos-arm64, r-release-macos-x86_64, r-oldrel-macos-x86_64