CRAN Package Check Results for Package GLMaSPU

Last updated on 2024-06-14 00:53:44 CEST.

Flavor Version Tinstall Tcheck Ttotal Status Flags
r-devel-linux-x86_64-debian-clang 1.0 33.77 34.18 67.95 OK
r-devel-linux-x86_64-debian-gcc 1.0 26.15 26.13 52.28 OK
r-devel-linux-x86_64-fedora-clang 1.0 98.19 NOTE
r-devel-linux-x86_64-fedora-gcc 1.0 95.61 NOTE
r-devel-windows-x86_64 1.0 28.00 63.00 91.00 OK
r-patched-linux-x86_64 1.0 29.45 31.93 61.38 OK
r-release-linux-x86_64 1.0 29.47 32.08 61.55 OK
r-release-macos-arm64 1.0 26.00 OK
r-release-macos-x86_64 1.0 36.00 OK
r-release-windows-x86_64 1.0 28.00 66.00 94.00 OK
r-oldrel-macos-arm64 1.0 29.00 OK
r-oldrel-macos-x86_64 1.0 44.00 OK
r-oldrel-windows-x86_64 1.0 35.00 73.00 108.00 OK

Check Details

Version: 1.0
Check: compiled code
Result: NOTE File ‘GLMaSPU/libs/GLMaSPU.so’: Found no calls to: ‘R_registerRoutines’, ‘R_useDynamicSymbols’ It is good practice to register native routines and to disable symbol search. See ‘Writing portable packages’ in the ‘Writing R Extensions’ manual. Flavors: r-devel-linux-x86_64-fedora-clang, r-devel-linux-x86_64-fedora-gcc