CRAN Package Check Results for Package GIGrvg

Last updated on 2021-10-15 23:50:29 CEST.

Flavor Version Tinstall Tcheck Ttotal Status Flags
r-devel-linux-x86_64-debian-clang 0.5 2.66 21.86 24.52 OK
r-devel-linux-x86_64-debian-gcc 0.5 1.87 17.64 19.51 OK
r-devel-linux-x86_64-fedora-clang 0.5 40.44 NOTE
r-devel-linux-x86_64-fedora-gcc 0.5 29.26 OK
r-devel-windows-x86_64 0.5 4.00 28.00 32.00 OK
r-devel-windows-x86_64-gcc10-UCRT 0.5 OK
r-patched-linux-x86_64 0.5 2.34 21.64 23.98 OK
r-patched-solaris-x86 0.5 46.20 OK
r-release-linux-x86_64 0.5 2.20 21.61 23.81 OK
r-release-macos-arm64 0.5 OK
r-release-macos-x86_64 0.5 OK
r-release-windows-ix86+x86_64 0.5 9.00 46.00 55.00 OK
r-oldrel-macos-x86_64 0.5 OK
r-oldrel-windows-ix86+x86_64 0.5 7.00 44.00 51.00 OK

Check Details

Version: 0.5
Check: Rd cross-references
Result: NOTE
    Undeclared packages ‘Runuran’, ‘ghyp’ in Rd xrefs
Flavor: r-devel-linux-x86_64-fedora-clang