Last updated on 2022-05-21 23:50:58 CEST.
Flavor | Version | Tinstall | Tcheck | Ttotal | Status | Flags |
---|---|---|---|---|---|---|
r-devel-linux-x86_64-debian-clang | 2.1.2 | 13.92 | 421.57 | 435.49 | OK | |
r-devel-linux-x86_64-debian-gcc | 2.1.2 | 14.22 | 292.58 | 306.80 | OK | |
r-devel-linux-x86_64-fedora-clang | 2.1.2 | 502.79 | NOTE | |||
r-devel-linux-x86_64-fedora-gcc | 2.1.2 | 537.38 | OK | |||
r-devel-windows-x86_64 | 2.1.2 | 60.00 | 418.00 | 478.00 | OK | |
r-patched-linux-x86_64 | 2.1.2 | 15.39 | 381.42 | 396.81 | OK | |
r-release-linux-x86_64 | 2.1.2 | 13.24 | 374.22 | 387.46 | OK | |
r-release-macos-arm64 | 2.1.2 | 125.00 | OK | |||
r-release-macos-x86_64 | 2.1.2 | 246.00 | NOTE | |||
r-release-windows-x86_64 | 2.1.2 | 75.00 | 408.00 | 483.00 | OK | |
r-oldrel-macos-arm64 | 2.1.2 | 178.00 | OK | |||
r-oldrel-macos-x86_64 | 2.1.2 | 146.00 | OK | |||
r-oldrel-windows-ix86+x86_64 | 2.1.2 | 31.00 | 401.00 | 432.00 | OK |
Version: 2.1.2
Check: Rd cross-references
Result: NOTE
Undeclared packages ‘glue’, ‘magrittr’ in Rd xrefs
Flavor: r-devel-linux-x86_64-fedora-clang
Version: 2.1.2
Check: package dependencies
Result: NOTE
Package suggested but not available for checking: ‘scagnostics’
Flavor: r-release-macos-x86_64