CRAN Package Check Results for Package GFD

Last updated on 2022-10-06 23:56:08 CEST.

Flavor Version Tinstall Tcheck Ttotal Status Flags
r-devel-linux-x86_64-debian-clang 0.3.3 6.22 77.47 83.69 NOTE
r-devel-linux-x86_64-debian-gcc 0.3.3 5.78 57.43 63.21 NOTE
r-devel-linux-x86_64-fedora-clang 0.3.3 120.93 NOTE
r-devel-linux-x86_64-fedora-gcc 0.3.3 110.12 NOTE
r-devel-windows-x86_64 0.3.3 12.00 110.00 122.00 OK
r-patched-linux-x86_64 0.3.3 6.38 72.37 78.75 NOTE
r-release-linux-x86_64 0.3.3 5.66 73.95 79.61 NOTE
r-release-macos-arm64 0.3.3 29.00 NOTE
r-release-macos-x86_64 0.3.3 67.00 NOTE
r-release-windows-x86_64 0.3.3 15.00 127.00 142.00 OK
r-oldrel-macos-arm64 0.3.3 27.00 NOTE
r-oldrel-macos-x86_64 0.3.3 42.00 OK
r-oldrel-windows-ix86+x86_64 0.3.3 16.00 103.00 119.00 OK

Check Details

Version: 0.3.3
Check: package dependencies
Result: NOTE
    Package suggested but not available for checking: 'RGtk2'
Flavors: r-devel-linux-x86_64-debian-clang, r-devel-linux-x86_64-debian-gcc, r-devel-linux-x86_64-fedora-clang, r-devel-linux-x86_64-fedora-gcc, r-patched-linux-x86_64, r-release-linux-x86_64, r-release-macos-arm64, r-release-macos-x86_64, r-oldrel-macos-arm64