CRAN Package Check Results for Package GEint

Last updated on 2021-05-16 23:46:58 CEST.

Flavor Version Tinstall Tcheck Ttotal Status Flags
r-devel-linux-x86_64-debian-clang 0.1.5 9.18 171.42 180.60 NOTE
r-devel-linux-x86_64-debian-gcc 0.1.5 7.70 129.31 137.01 NOTE
r-devel-linux-x86_64-fedora-clang 0.1.5 215.08 OK
r-devel-linux-x86_64-fedora-gcc 0.1.5 228.23 OK
r-devel-windows-ix86+x86_64 0.1.5 16.00 207.00 223.00 NOTE
r-devel-windows-x86_64-gcc10-UCRT 0.1.5 OK
r-patched-linux-x86_64 0.1.5 7.61 165.02 172.63 NOTE
r-patched-solaris-x86 0.1.5 269.60 OK
r-release-linux-x86_64 0.1.5 7.10 163.05 170.15 NOTE
r-release-macos-x86_64 0.1.5 OK
r-release-windows-ix86+x86_64 0.1.5 11.00 160.00 171.00 NOTE
r-oldrel-macos-x86_64 0.1.5 OK
r-oldrel-windows-ix86+x86_64 0.1.5 9.00 183.00 192.00 OK

Check Details

Version: 0.1.5
Check: package vignettes
Result: NOTE
    Package vignette with placeholder title 'Vignette Title':
     'GEint_example.Rmd'
Flavors: r-devel-linux-x86_64-debian-clang, r-devel-linux-x86_64-debian-gcc, r-devel-windows-ix86+x86_64, r-patched-linux-x86_64, r-release-linux-x86_64, r-release-windows-ix86+x86_64