CRAN Package Check Results for Package GEEaSPU

Last updated on 2024-06-25 00:58:00 CEST.

Flavor Version Tinstall Tcheck Ttotal Status Flags
r-devel-linux-x86_64-debian-clang 1.0.2 50.33 29.55 79.88 OK
r-devel-linux-x86_64-debian-gcc 1.0.2 34.63 22.92 57.55 OK
r-devel-linux-x86_64-fedora-clang 1.0.2 109.02 NOTE
r-devel-linux-x86_64-fedora-gcc 1.0.2 117.83 NOTE
r-devel-windows-x86_64 1.0.2 37.00 70.00 107.00 OK
r-patched-linux-x86_64 1.0.2 42.48 28.59 71.07 OK
r-release-linux-x86_64 1.0.2 43.81 28.40 72.21 OK
r-release-macos-arm64 1.0.2 30.00 OK
r-release-macos-x86_64 1.0.2 76.00 OK
r-release-windows-x86_64 1.0.2 39.00 68.00 107.00 OK
r-oldrel-macos-arm64 1.0.2 35.00 OK
r-oldrel-macos-x86_64 1.0.2 54.00 OK
r-oldrel-windows-x86_64 1.0.2 45.00 77.00 122.00 OK

Check Details

Version: 1.0.2
Check: compiled code
Result: NOTE File ‘GEEaSPU/libs/GEEaSPU.so’: Found no calls to: ‘R_registerRoutines’, ‘R_useDynamicSymbols’ It is good practice to register native routines and to disable symbol search. See ‘Writing portable packages’ in the ‘Writing R Extensions’ manual. Flavors: r-devel-linux-x86_64-fedora-clang, r-devel-linux-x86_64-fedora-gcc