CRAN Package Check Results for Package GDAtools

Last updated on 2021-10-21 23:50:12 CEST.

Flavor Version Tinstall Tcheck Ttotal Status Flags
r-devel-linux-x86_64-debian-clang 1.7 13.30 201.25 214.55 OK
r-devel-linux-x86_64-debian-gcc 1.7 9.38 147.70 157.08 OK
r-devel-linux-x86_64-fedora-clang 1.7 255.36 NOTE
r-devel-linux-x86_64-fedora-gcc 1.7 249.82 OK
r-devel-windows-x86_64 1.7 20.00 259.00 279.00 NOTE
r-devel-windows-x86_64-gcc10-UCRT 1.7 OK
r-patched-linux-x86_64 1.7 18.34 194.70 213.04 OK
r-patched-solaris-x86 1.7 210.90 NOTE
r-release-linux-x86_64 1.7 10.72 195.39 206.11 OK
r-release-macos-arm64 1.7 NOTE
r-release-macos-x86_64 1.7 NOTE
r-release-windows-ix86+x86_64 1.7 27.00 262.00 289.00 NOTE
r-oldrel-macos-x86_64 1.7 NOTE
r-oldrel-windows-ix86+x86_64 1.7 27.00 252.00 279.00 NOTE

Check Details

Version: 1.7
Check: installed package size
Result: NOTE
     installed size is 5.3Mb
     sub-directories of 1Mb or more:
     doc 4.7Mb
Flavors: r-devel-linux-x86_64-fedora-clang, r-devel-windows-x86_64, r-patched-solaris-x86, r-release-macos-arm64, r-release-macos-x86_64, r-release-windows-ix86+x86_64, r-oldrel-macos-x86_64, r-oldrel-windows-ix86+x86_64

Version: 1.7
Check: Rd cross-references
Result: NOTE
    Undeclared package ‘vcd’ in Rd xrefs
Flavor: r-devel-linux-x86_64-fedora-clang