CRAN Package Check Results for Package GAS

Last updated on 2022-01-19 23:48:59 CET.

Flavor Version Tinstall Tcheck Ttotal Status Flags
r-devel-linux-x86_64-debian-clang 0.3.3 ERROR
r-devel-linux-x86_64-debian-gcc 0.3.3 297.45 10.07 307.52 ERROR
r-devel-linux-x86_64-fedora-clang 0.3.3 692.32 ERROR
r-devel-linux-x86_64-fedora-gcc 0.3.3 593.33 ERROR
r-devel-windows-x86_64-new-UL 0.3.3 309.00 10.00 319.00 ERROR
r-devel-windows-x86_64-new-TK 0.3.3 ERROR
r-patched-linux-x86_64 0.3.3 350.94 11.65 362.59 ERROR
r-release-linux-x86_64 0.3.3 ERROR
r-release-macos-arm64 0.3.3 NOTE
r-release-macos-x86_64 0.3.3 NOTE
r-release-windows-ix86+x86_64 0.3.3 485.00 9.00 494.00 ERROR
r-oldrel-macos-x86_64 0.3.3 NOTE
r-oldrel-windows-ix86+x86_64 0.3.3 485.00 8.00 493.00 ERROR

Check Details

Version: 0.3.3
Check: whether package can be installed
Result: ERROR
    Installation failed.
Flavors: r-devel-linux-x86_64-debian-clang, r-devel-linux-x86_64-debian-gcc, r-devel-linux-x86_64-fedora-clang, r-devel-linux-x86_64-fedora-gcc, r-devel-windows-x86_64-new-UL, r-devel-windows-x86_64-new-TK, r-patched-linux-x86_64, r-release-linux-x86_64, r-release-windows-ix86+x86_64, r-oldrel-windows-ix86+x86_64

Version: 0.3.3
Check: installed package size
Result: NOTE
     installed size is 13.6Mb
     sub-directories of 1Mb or more:
     data 1.4Mb
     libs 11.5Mb
Flavors: r-release-macos-arm64, r-release-macos-x86_64, r-oldrel-macos-x86_64