CRAN Package Check Results for Package GARCOM

Last updated on 2024-06-14 00:53:42 CEST.

Flavor Version Tinstall Tcheck Ttotal Status Flags
r-devel-linux-x86_64-debian-clang 1.2.2 9.28 91.37 100.65 OK
r-devel-linux-x86_64-debian-gcc 1.2.2 0.36 1.68 2.04 ERROR
r-devel-linux-x86_64-fedora-clang 1.2.2 124.52 OK
r-devel-linux-x86_64-fedora-gcc 1.2.2 118.59 OK
r-devel-windows-x86_64 1.2.2 9.00 80.00 89.00 OK
r-patched-linux-x86_64 1.2.2 8.81 85.20 94.01 OK
r-release-linux-x86_64 1.2.2 7.90 89.21 97.11 OK
r-release-macos-arm64 1.2.2 36.00 OK
r-release-macos-x86_64 1.2.2 56.00 OK
r-release-windows-x86_64 1.2.2 9.00 69.00 78.00 OK
r-oldrel-macos-arm64 1.2.2 42.00 OK
r-oldrel-macos-x86_64 1.2.2 63.00 OK
r-oldrel-windows-x86_64 1.2.2 11.00 98.00 109.00 OK

Check Details

Version: 1.2.2
Check: package dependencies
Result: ERROR Package required but not available: ‘vcfR’ Package suggested but not available for checking: ‘testthat’ See section ‘The DESCRIPTION file’ in the ‘Writing R Extensions’ manual. Flavor: r-devel-linux-x86_64-debian-gcc