CRAN Package Check Results for Package FuzzySTs

Last updated on 2021-10-27 23:50:25 CEST.

Flavor Version Tinstall Tcheck Ttotal Status Flags
r-devel-linux-x86_64-debian-clang 0.2 16.04 154.40 170.44 NOTE
r-devel-linux-x86_64-debian-gcc 0.2 12.82 114.13 126.95 NOTE
r-devel-linux-x86_64-fedora-clang 0.2 218.16 NOTE
r-devel-linux-x86_64-fedora-gcc 0.2 202.54 NOTE
r-devel-windows-x86_64 0.2 27.00 226.00 253.00 NOTE
r-devel-windows-x86_64-gcc10-UCRT 0.2 NOTE
r-patched-linux-x86_64 0.2 16.81 154.21 171.02 NOTE
r-patched-solaris-x86 0.2 300.40 NOTE
r-release-linux-x86_64 0.2 15.87 153.36 169.23 NOTE
r-release-macos-arm64 0.2 NOTE
r-release-macos-x86_64 0.2 NOTE
r-release-windows-ix86+x86_64 0.2 24.00 198.00 222.00 NOTE
r-oldrel-macos-x86_64 0.2 OK
r-oldrel-windows-ix86+x86_64 0.2 24.00 189.00 213.00 OK

Check Details

Version: 0.2
Check: LazyData
Result: NOTE
     'LazyData' is specified without a 'data' directory
Flavors: r-devel-linux-x86_64-debian-clang, r-devel-linux-x86_64-debian-gcc, r-devel-linux-x86_64-fedora-clang, r-devel-linux-x86_64-fedora-gcc, r-devel-windows-x86_64, r-devel-windows-x86_64-gcc10-UCRT, r-patched-linux-x86_64, r-patched-solaris-x86, r-release-linux-x86_64, r-release-macos-arm64, r-release-macos-x86_64, r-release-windows-ix86+x86_64