CRAN Package Check Results for Package FrF2.catlg128

Last updated on 2021-11-28 23:50:27 CET.

Flavor Version Tinstall Tcheck Ttotal Status Flags
r-devel-linux-x86_64-debian-clang 1.2-1 NOTE
r-devel-linux-x86_64-debian-gcc 1.2-1 75.83 60.56 136.39 NOTE
r-devel-linux-x86_64-fedora-clang 1.2-1 229.10 NOTE
r-devel-linux-x86_64-fedora-gcc 1.2-1 217.71 NOTE
r-devel-windows-x86_64-new-UL 1.2-1 127.00 113.00 240.00 NOTE
r-devel-windows-x86_64-new-TK 1.2-1 NOTE
r-devel-windows-x86_64-old 1.2-1 90.00 97.00 187.00 NOTE
r-patched-linux-x86_64 1.2-1 86.69 73.82 160.51 NOTE
r-patched-solaris-x86 1.2-1 468.40 NOTE
r-release-linux-x86_64 1.2-1 83.24 75.08 158.32 NOTE
r-release-macos-arm64 1.2-1 NOTE
r-release-macos-x86_64 1.2-1 NOTE
r-release-windows-ix86+x86_64 1.2-1 130.00 72.00 202.00 NOTE
r-oldrel-macos-x86_64 1.2-1 NOTE
r-oldrel-windows-ix86+x86_64 1.2-1 125.00 95.00 220.00 NOTE

Check Details

Version: 1.2-1
Check: top-level files
Result: NOTE
    Non-standard file/directory found at top level:
     'FrF2.catlg128-Ex.R'
Flavors: r-devel-linux-x86_64-debian-clang, r-devel-linux-x86_64-debian-gcc, r-devel-linux-x86_64-fedora-clang, r-devel-linux-x86_64-fedora-gcc, r-patched-linux-x86_64, r-release-linux-x86_64

Version: 1.2-1
Check: dependencies in R code
Result: NOTE
    Package in Depends field not imported from: 'FrF2'
     These packages need to be imported from (in the NAMESPACE file)
     for when this namespace is loaded but not attached.
Flavors: r-devel-linux-x86_64-debian-clang, r-devel-linux-x86_64-debian-gcc, r-devel-linux-x86_64-fedora-clang, r-devel-linux-x86_64-fedora-gcc, r-devel-windows-x86_64-new-UL, r-devel-windows-x86_64-new-TK, r-devel-windows-x86_64-old, r-patched-linux-x86_64, r-patched-solaris-x86, r-release-linux-x86_64, r-release-macos-arm64, r-release-macos-x86_64, r-release-windows-ix86+x86_64, r-oldrel-macos-x86_64, r-oldrel-windows-ix86+x86_64

Version: 1.2-1
Check: LazyData
Result: NOTE
     'LazyData' is specified without a 'data' directory
Flavors: r-devel-linux-x86_64-debian-clang, r-devel-linux-x86_64-debian-gcc, r-devel-linux-x86_64-fedora-clang, r-devel-linux-x86_64-fedora-gcc, r-devel-windows-x86_64-new-UL, r-devel-windows-x86_64-new-TK, r-devel-windows-x86_64-old, r-patched-linux-x86_64, r-patched-solaris-x86, r-release-linux-x86_64, r-release-macos-arm64, r-release-macos-x86_64, r-release-windows-ix86+x86_64

Version: 1.2-1
Check: installed package size
Result: NOTE
     installed size is 5.8Mb
     sub-directories of 1Mb or more:
     R 5.7Mb
Flavors: r-devel-linux-x86_64-fedora-clang, r-devel-windows-x86_64-new-UL, r-devel-windows-x86_64-old, r-patched-solaris-x86, r-release-macos-arm64, r-release-macos-x86_64, r-release-windows-ix86+x86_64, r-oldrel-macos-x86_64, r-oldrel-windows-ix86+x86_64