CRAN Package Check Results for Package FourWayHMM

Last updated on 2024-06-14 23:54:24 CEST.

Flavor Version Tinstall Tcheck Ttotal Status Flags
r-devel-linux-x86_64-debian-clang 1.0.0 4.52 29.96 34.48 OK
r-devel-linux-x86_64-debian-gcc 1.0.0 2.37 22.80 25.17 OK
r-devel-linux-x86_64-fedora-clang 1.0.0 43.64 NOTE
r-devel-linux-x86_64-fedora-gcc 1.0.0 40.11 NOTE
r-devel-windows-x86_64 1.0.0 4.00 46.00 50.00 OK
r-patched-linux-x86_64 1.0.0 3.85 29.43 33.28 OK
r-release-linux-x86_64 1.0.0 3.10 30.04 33.14 OK
r-release-macos-arm64 1.0.0 18.00 OK
r-release-macos-x86_64 1.0.0 37.00 OK
r-release-windows-x86_64 1.0.0 5.00 47.00 52.00 OK
r-oldrel-macos-arm64 1.0.0 20.00 OK
r-oldrel-macos-x86_64 1.0.0 25.00 OK
r-oldrel-windows-x86_64 1.0.0 5.00 49.00 54.00 OK

Check Details

Version: 1.0.0
Check: dependencies in R code
Result: NOTE Namespace in Imports field not imported from: ‘LaplacesDemon’ All declared Imports should be used. Flavors: r-devel-linux-x86_64-fedora-clang, r-devel-linux-x86_64-fedora-gcc