CRAN Package Check Results for Package FlyingR

Last updated on 2022-01-25 23:50:25 CET.

Flavor Version Tinstall Tcheck Ttotal Status Flags
r-devel-linux-x86_64-debian-clang 0.2.0 38.32 77.47 115.79 OK
r-devel-linux-x86_64-debian-gcc 0.2.0 28.13 61.22 89.35 OK
r-devel-linux-x86_64-fedora-clang 0.2.0 154.36 NOTE
r-devel-linux-x86_64-fedora-gcc 0.2.0 129.55 NOTE
r-devel-windows-x86_64-new-UL 0.2.0 65.00 115.00 180.00 OK
r-devel-windows-x86_64-new-TK 0.2.0 NOTE
r-patched-linux-x86_64 0.2.0 32.77 71.50 104.27 OK
r-release-linux-x86_64 0.2.0 33.63 69.78 103.41 OK
r-release-macos-arm64 0.2.0 NOTE
r-release-macos-x86_64 0.2.0 NOTE
r-release-windows-ix86+x86_64 0.2.0 94.00 114.00 208.00 OK
r-oldrel-macos-x86_64 0.2.0 NOTE
r-oldrel-windows-ix86+x86_64 0.2.0 95.00 117.00 212.00 OK

Check Details

Version: 0.2.0
Check: dependencies in R code
Result: NOTE
    Namespaces in Imports field not imported from:
     ‘kableExtra’ ‘knitr’ ‘rmarkdown’
     All declared Imports should be used.
Flavors: r-devel-linux-x86_64-fedora-clang, r-devel-linux-x86_64-fedora-gcc, r-devel-windows-x86_64-new-TK, r-release-macos-arm64, r-release-macos-x86_64, r-oldrel-macos-x86_64