Last updated on 2022-05-17 23:56:35 CEST.
Flavor | Version | Tinstall | Tcheck | Ttotal | Status | Flags |
---|---|---|---|---|---|---|
r-devel-linux-x86_64-debian-clang | 1.2.6 | 5.05 | 68.93 | 73.98 | OK | |
r-devel-linux-x86_64-debian-gcc | 1.2.6 | 5.05 | 50.55 | 55.60 | OK | |
r-devel-linux-x86_64-fedora-clang | 1.2.6 | 88.13 | NOTE | |||
r-devel-linux-x86_64-fedora-gcc | 1.2.6 | 86.50 | OK | |||
r-devel-windows-x86_64 | 1.2.6 | 54.00 | 94.00 | 148.00 | OK | |
r-patched-linux-x86_64 | 1.2.6 | 7.75 | 65.03 | 72.78 | OK | |
r-release-linux-x86_64 | 1.2.6 | 5.45 | 66.59 | 72.04 | OK | |
r-release-macos-arm64 | 1.2.6 | 24.00 | OK | |||
r-release-macos-x86_64 | 1.2.6 | 35.00 | OK | |||
r-release-windows-x86_64 | 1.2.6 | 46.00 | 87.00 | 133.00 | OK | |
r-oldrel-macos-arm64 | 1.2.6 | 30.00 | OK | |||
r-oldrel-macos-x86_64 | 1.2.6 | 43.00 | OK | |||
r-oldrel-windows-ix86+x86_64 | 1.2.6 | 12.00 | 79.00 | 91.00 | OK |
Version: 1.2.6
Check: Rd cross-references
Result: NOTE
Undeclared package ‘Kendall’ in Rd xrefs
Flavor: r-devel-linux-x86_64-fedora-clang