CRAN Package Check Results for Package FastSF

Last updated on 2021-05-11 23:50:41 CEST.

Flavor Version Tinstall Tcheck Ttotal Status Flags
r-devel-linux-x86_64-debian-clang 0.1.1 89.24 33.11 122.35 NOTE
r-devel-linux-x86_64-debian-gcc 0.1.1 55.29 25.97 81.26 NOTE
r-devel-linux-x86_64-fedora-clang 0.1.1 177.18 NOTE
r-devel-linux-x86_64-fedora-gcc 0.1.1 158.55 NOTE
r-devel-windows-ix86+x86_64 0.1.1 154.00 82.00 236.00 NOTE
r-devel-windows-x86_64-gcc10-UCRT 0.1.1 NOTE
r-patched-linux-x86_64 0.1.1 64.74 32.35 97.09 NOTE
r-patched-solaris-x86 0.1.1 149.80 NOTE
r-release-linux-x86_64 0.1.1 66.82 32.21 99.03 OK
r-release-macos-x86_64 0.1.1 OK
r-release-windows-ix86+x86_64 0.1.1 139.00 65.00 204.00 OK
r-oldrel-macos-x86_64 0.1.1 OK
r-oldrel-windows-ix86+x86_64 0.1.1 178.00 61.00 239.00 OK

Check Details

Version: 0.1.1
Check: LazyData
Result: NOTE
     'LazyData' is specified without a 'data' directory
Flavors: r-devel-linux-x86_64-debian-clang, r-devel-linux-x86_64-debian-gcc, r-devel-linux-x86_64-fedora-clang, r-devel-linux-x86_64-fedora-gcc, r-devel-windows-ix86+x86_64, r-devel-windows-x86_64-gcc10-UCRT, r-patched-linux-x86_64, r-patched-solaris-x86