CRAN Package Check Results for Package FastRWeb

Last updated on 2021-09-23 23:50:05 CEST.

Flavor Version Tinstall Tcheck Ttotal Status Flags
r-devel-linux-x86_64-debian-clang 1.1-3 9.77 28.24 38.01 WARN
r-devel-linux-x86_64-debian-gcc 1.1-3 6.17 21.88 28.05 WARN
r-devel-linux-x86_64-fedora-clang 1.1-3 55.99 NOTE
r-devel-linux-x86_64-fedora-gcc 1.1-3 43.80 NOTE
r-devel-windows-x86_64 1.1-3 12.00 32.00 44.00 NOTE
r-devel-windows-x86_64-gcc10-UCRT 1.1-3 WARN
r-patched-linux-x86_64 1.1-3 8.53 27.01 35.54 WARN
r-patched-solaris-x86 1.1-3 10.20 ERROR
r-release-linux-x86_64 1.1-3 7.45 27.41 34.86 WARN
r-release-macos-arm64 1.1-3 NOTE
r-release-macos-x86_64 1.1-3 NOTE
r-release-windows-ix86+x86_64 1.1-3 24.00 46.00 70.00 NOTE
r-oldrel-macos-x86_64 1.1-3 NOTE
r-oldrel-windows-ix86+x86_64 1.1-3 22.00 41.00 63.00 NOTE

Check Details

Version: 1.1-3
Check: top-level files
Result: WARN
     Output from running autoreconf:
     configure.ac:4: warning: The macro `AC_CONFIG_HEADER' is obsolete.
     configure.ac:4: You should run autoupdate.
     ./lib/autoconf/status.m4:719: AC_CONFIG_HEADER is expanded from...
     configure.ac:4: the top level
     configure.ac:29: warning: The macro `AC_HEADER_STDC' is obsolete.
     configure.ac:29: You should run autoupdate.
     ./lib/autoconf/headers.m4:704: AC_HEADER_STDC is expanded from...
     configure.ac:29: the top level
     configure.ac:53: warning: The macro `AC_HEADER_TIME' is obsolete.
     configure.ac:53: You should run autoupdate.
     ./lib/autoconf/headers.m4:743: AC_HEADER_TIME is expanded from...
     configure.ac:53: the top level
Flavors: r-devel-linux-x86_64-debian-clang, r-devel-linux-x86_64-debian-gcc, r-patched-linux-x86_64, r-release-linux-x86_64

Version: 1.1-3
Check: R code for possible problems
Result: NOTE
    .run: no visible binding for global variable 'init'
    .run: no visible global function definition for 'init'
    .run: no visible binding for global variable 'run'
    Undefined global functions or variables:
     init run
Flavors: r-devel-linux-x86_64-debian-clang, r-devel-linux-x86_64-debian-gcc, r-devel-linux-x86_64-fedora-clang, r-devel-linux-x86_64-fedora-gcc, r-devel-windows-x86_64, r-devel-windows-x86_64-gcc10-UCRT, r-patched-linux-x86_64, r-release-linux-x86_64, r-release-macos-arm64, r-release-macos-x86_64, r-release-windows-ix86+x86_64, r-oldrel-macos-x86_64, r-oldrel-windows-ix86+x86_64

Version: 1.1-3
Check: compiled code
Result: NOTE
    Note: information on .o files is not available
Flavors: r-devel-linux-x86_64-debian-clang, r-devel-linux-x86_64-debian-gcc, r-patched-linux-x86_64, r-release-linux-x86_64, r-release-macos-arm64, r-release-macos-x86_64, r-oldrel-macos-x86_64

Version: 1.1-3
Check: compiled code
Result: NOTE
    Note: information on .o files is not available
    File ‘FastRWeb/libs/null.so’:
     Found no calls to: ‘R_registerRoutines’, ‘R_useDynamicSymbols’
    
    It is good practice to register native routines and to disable symbol
    search.
    
    See ‘Writing portable packages’ in the ‘Writing R Extensions’ manual.
Flavors: r-devel-linux-x86_64-fedora-clang, r-devel-linux-x86_64-fedora-gcc

Version: 1.1-3
Check: installed package size
Result: NOTE
     installed size is 6.3Mb
     sub-directories of 1Mb or more:
     Rcgi 3.2Mb
     cgi-bin 3.0Mb
Flavors: r-devel-windows-x86_64, r-release-windows-ix86+x86_64, r-oldrel-windows-ix86+x86_64

Version: 1.1-3
Check: for GNU extensions in Makefiles
Result: WARN
    Found the following file(s) containing GNU extensions:
     inst/Rcgi/Makefile
     src/Rcgi/Makefile
    Portable Makefiles do not use GNU extensions such as +=, :=, $(shell),
    $(wildcard), ifeq ... endif, .NOTPARALLEL See section 'Writing portable
    packages' in the 'Writing R Extensions' manual.
Flavor: r-devel-windows-x86_64-gcc10-UCRT

Version: 1.1-3
Check: whether package can be installed
Result: ERROR
    Installation failed.
Flavor: r-patched-solaris-x86