CRAN Package Check Results for Package FastKM

Last updated on 2021-12-01 23:51:37 CET.

Flavor Version Tinstall Tcheck Ttotal Status Flags
r-devel-linux-x86_64-debian-clang 1.0 8.13 64.97 73.10 NOTE
r-devel-linux-x86_64-debian-gcc 1.0 6.69 50.45 57.14 NOTE
r-devel-linux-x86_64-fedora-clang 1.0 99.85 NOTE
r-devel-linux-x86_64-fedora-gcc 1.0 87.97 NOTE
r-devel-windows-x86_64-new-UL 1.0 14.00 97.00 111.00 NOTE
r-devel-windows-x86_64-new-TK 1.0 NOTE
r-devel-windows-x86_64-old 1.0 11.00 68.00 79.00 NOTE
r-patched-linux-x86_64 1.0 6.52 62.27 68.79 NOTE
r-patched-solaris-x86 1.0 129.80 NOTE
r-release-linux-x86_64 1.0 6.85 61.72 68.57 NOTE
r-release-macos-arm64 1.0 NOTE
r-release-macos-x86_64 1.0 NOTE
r-release-windows-ix86+x86_64 1.0 17.00 86.00 103.00 NOTE
r-oldrel-macos-x86_64 1.0 NOTE
r-oldrel-windows-ix86+x86_64 1.0 17.00 81.00 98.00 NOTE

Check Details

Version: 1.0
Check: package dependencies
Result: NOTE
    Package suggested but not available for checking: 'coxKM'
Flavors: r-devel-linux-x86_64-debian-clang, r-devel-linux-x86_64-debian-gcc, r-devel-linux-x86_64-fedora-clang, r-devel-linux-x86_64-fedora-gcc, r-devel-windows-x86_64-new-UL, r-devel-windows-x86_64-new-TK, r-devel-windows-x86_64-old, r-patched-linux-x86_64, r-patched-solaris-x86, r-release-linux-x86_64, r-release-macos-arm64, r-release-macos-x86_64, r-release-windows-ix86+x86_64, r-oldrel-macos-x86_64, r-oldrel-windows-ix86+x86_64