Last updated on 2023-01-28 23:51:37 CET.
Flavor | Version | Tinstall | Tcheck | Ttotal | Status | Flags |
---|---|---|---|---|---|---|
r-devel-linux-x86_64-debian-clang | 0.5.2 | 40.99 | 39.42 | 80.41 | OK | |
r-devel-linux-x86_64-debian-gcc | 0.5.2 | 37.39 | 31.03 | 68.42 | OK | |
r-devel-linux-x86_64-fedora-clang | 0.5.2 | 117.58 | NOTE | |||
r-devel-linux-x86_64-fedora-gcc | 0.5.2 | 111.46 | NOTE | |||
r-devel-windows-x86_64 | 0.5.2 | 47.00 | 96.00 | 143.00 | OK | |
r-patched-linux-x86_64 | 0.5.2 | 41.31 | 36.29 | 77.60 | OK | |
r-release-linux-x86_64 | 0.5.2 | 33.87 | 36.83 | 70.70 | OK | |
r-release-macos-arm64 | 0.5.2 | 37.00 | NOTE | |||
r-release-macos-x86_64 | 0.5.2 | 51.00 | NOTE | |||
r-release-windows-x86_64 | 0.5.2 | 54.00 | 92.00 | 146.00 | OK | |
r-oldrel-macos-arm64 | 0.5.2 | 50.00 | NOTE | |||
r-oldrel-macos-x86_64 | 0.5.2 | 43.00 | NOTE | |||
r-oldrel-windows-ix86+x86_64 | 0.5.2 | 101.00 | 96.00 | 197.00 | OK |
Version: 0.5.2
Check: dependencies in R code
Result: NOTE
Namespace in Imports field not imported from: ‘RobustGaSP’
All declared Imports should be used.
Flavors: r-devel-linux-x86_64-fedora-clang, r-devel-linux-x86_64-fedora-gcc, r-release-macos-arm64, r-release-macos-x86_64, r-oldrel-macos-arm64, r-oldrel-macos-x86_64
Version: 0.5.2
Check: installed package size
Result: NOTE
installed size is 10.3Mb
sub-directories of 1Mb or more:
libs 10.1Mb
Flavors: r-release-macos-arm64, r-release-macos-x86_64, r-oldrel-macos-arm64, r-oldrel-macos-x86_64