CRAN Package Check Results for Package FarmSelect

Last updated on 2021-10-27 23:50:24 CEST.

Flavor Version Tinstall Tcheck Ttotal Status Flags
r-devel-linux-x86_64-debian-clang 1.0.2 37.08 81.68 118.76 NOTE
r-devel-linux-x86_64-debian-gcc 1.0.2 29.44 63.41 92.85 NOTE
r-devel-linux-x86_64-fedora-clang 1.0.2 171.70 NOTE
r-devel-linux-x86_64-fedora-gcc 1.0.2 157.49 NOTE
r-devel-windows-x86_64 1.0.2 53.00 129.00 182.00 NOTE
r-devel-windows-x86_64-gcc10-UCRT 1.0.2 NOTE
r-patched-linux-x86_64 1.0.2 35.41 80.17 115.58 NOTE
r-patched-solaris-x86 1.0.2 249.40 NOTE
r-release-linux-x86_64 1.0.2 34.20 80.35 114.55 NOTE
r-release-macos-arm64 1.0.2 NOTE
r-release-macos-x86_64 1.0.2 NOTE
r-release-windows-ix86+x86_64 1.0.2 78.00 146.00 224.00 NOTE
r-oldrel-macos-x86_64 1.0.2 OK
r-oldrel-windows-ix86+x86_64 1.0.2 71.00 150.00 221.00 OK

Check Details

Version: 1.0.2
Check: LazyData
Result: NOTE
     'LazyData' is specified without a 'data' directory
Flavors: r-devel-linux-x86_64-debian-clang, r-devel-linux-x86_64-debian-gcc, r-devel-linux-x86_64-fedora-clang, r-devel-linux-x86_64-fedora-gcc, r-devel-windows-x86_64, r-devel-windows-x86_64-gcc10-UCRT, r-patched-linux-x86_64, r-patched-solaris-x86, r-release-linux-x86_64, r-release-macos-arm64, r-release-macos-x86_64, r-release-windows-ix86+x86_64