CRAN Package Check Results for Package Familias

Last updated on 2021-06-20 23:49:43 CEST.

Flavor Version Tinstall Tcheck Ttotal Status Flags
r-devel-linux-x86_64-debian-clang 2.4 25.47 68.52 93.99 OK
r-devel-linux-x86_64-debian-gcc 2.4 18.98 53.49 72.47 OK
r-devel-linux-x86_64-fedora-clang 2.4 151.50 NOTE
r-devel-linux-x86_64-fedora-gcc 2.4 113.01 NOTE
r-devel-windows-x86_64 2.4 38.00 97.00 135.00 OK
r-devel-windows-x86_64-gcc10-UCRT 2.4 OK
r-patched-linux-x86_64 2.4 21.61 66.82 88.43 OK
r-patched-solaris-x86 2.4 182.60 OK
r-release-linux-x86_64 2.4 23.90 67.31 91.21 OK
r-release-macos-arm64 2.4 OK
r-release-macos-x86_64 2.4 OK
r-release-windows-ix86+x86_64 2.4 68.00 129.00 197.00 OK
r-oldrel-macos-x86_64 2.4 OK

Additional issues

clang-UBSAN gcc-UBSAN

Check Details

Version: 2.4
Check: compiled code
Result: NOTE
    File ‘Familias/libs/Familias.so’:
     Found no calls to: ‘R_registerRoutines’, ‘R_useDynamicSymbols’
    
    It is good practice to register native routines and to disable symbol
    search.
    
    See ‘Writing portable packages’ in the ‘Writing R Extensions’ manual.
Flavors: r-devel-linux-x86_64-fedora-clang, r-devel-linux-x86_64-fedora-gcc