CRAN Package Check Results for Package FactorsR

Last updated on 2021-09-16 23:49:54 CEST.

Flavor Version Tinstall Tcheck Ttotal Status Flags
r-devel-linux-x86_64-debian-clang 1.4 3.42 36.56 39.98 OK
r-devel-linux-x86_64-debian-gcc 1.4 3.01 28.92 31.93 OK
r-devel-linux-x86_64-fedora-clang 1.4 57.56 NOTE
r-devel-linux-x86_64-fedora-gcc 1.4 45.32 NOTE
r-devel-windows-x86_64 1.4 5.00 52.00 57.00 OK
r-devel-windows-x86_64-gcc10-UCRT 1.4 NOTE
r-patched-linux-x86_64 1.4 3.57 35.25 38.82 OK
r-patched-solaris-x86 1.4 70.50 NOTE
r-release-linux-x86_64 1.4 3.65 35.22 38.87 OK
r-release-macos-arm64 1.4 NOTE
r-release-macos-x86_64 1.4 NOTE
r-release-windows-ix86+x86_64 1.4 8.00 52.00 60.00 OK
r-oldrel-macos-x86_64 1.4 NOTE
r-oldrel-windows-ix86+x86_64 1.4 5.00 50.00 55.00 OK

Check Details

Version: 1.4
Check: Rd cross-references
Result: NOTE
    Undeclared package ‘SciViews’ in Rd xrefs
Flavor: r-devel-linux-x86_64-fedora-clang

Version: 1.4
Check: data for non-ASCII characters
Result: NOTE
     Note: found 5 marked Latin-1 strings
Flavors: r-devel-linux-x86_64-fedora-clang, r-devel-linux-x86_64-fedora-gcc, r-devel-windows-x86_64-gcc10-UCRT, r-patched-solaris-x86, r-release-macos-arm64, r-release-macos-x86_64, r-oldrel-macos-x86_64