CRAN Package Check Results for Package FSAdata

Last updated on 2021-10-18 23:49:31 CEST.

Flavor Version Tinstall Tcheck Ttotal Status Flags
r-devel-linux-x86_64-debian-clang 0.3.8 5.45 37.60 43.05 OK
r-devel-linux-x86_64-debian-gcc 0.3.8 3.81 30.09 33.90 OK
r-devel-linux-x86_64-fedora-clang 0.3.8 63.76 NOTE
r-devel-linux-x86_64-fedora-gcc 0.3.8 52.45 OK
r-devel-windows-x86_64 0.3.8 9.00 65.00 74.00 OK
r-devel-windows-x86_64-gcc10-UCRT 0.3.8 OK
r-patched-linux-x86_64 0.3.8 7.25 36.76 44.01 OK
r-patched-solaris-x86 0.3.8 73.10 OK
r-release-linux-x86_64 0.3.8 4.53 36.58 41.11 OK
r-release-macos-arm64 0.3.8 OK
r-release-macos-x86_64 0.3.8 OK
r-release-windows-ix86+x86_64 0.3.8 11.00 65.00 76.00 OK
r-oldrel-macos-x86_64 0.3.8 OK
r-oldrel-windows-ix86+x86_64 0.3.8 9.00 68.00 77.00 OK

Check Details

Version: 0.3.8
Check: Rd cross-references
Result: NOTE
    Undeclared package ‘FSA’ in Rd xrefs
Flavor: r-devel-linux-x86_64-fedora-clang