CRAN Package Check Results for Package FRK

Last updated on 2024-06-13 00:55:14 CEST.

Flavor Version Tinstall Tcheck Ttotal Status Flags
r-devel-linux-x86_64-debian-clang 2.2.3 176.54 580.64 757.18 NOTE
r-devel-linux-x86_64-debian-gcc 2.2.3 0.77 1.98 2.75 ERROR
r-devel-linux-x86_64-fedora-clang 2.2.3 916.53 NOTE
r-devel-linux-x86_64-fedora-gcc 2.2.3 1039.28 NOTE
r-devel-windows-x86_64 2.2.3 128.00 275.00 403.00 NOTE --no-vignettes
r-patched-linux-x86_64 2.2.3 195.73 564.23 759.96 NOTE
r-release-linux-x86_64 2.2.3 198.42 574.18 772.60 NOTE
r-release-macos-arm64 2.2.3 263.00 NOTE
r-release-macos-x86_64 2.2.3 387.00 WARN
r-release-windows-x86_64 2.2.3 127.00 293.00 420.00 NOTE --no-vignettes
r-oldrel-macos-arm64 2.2.3 237.00 NOTE
r-oldrel-macos-x86_64 2.2.3 337.00 NOTE
r-oldrel-windows-x86_64 2.2.3 174.00 322.00 496.00 NOTE --no-vignettes

Check Details

Version: 2.2.3
Check: package dependencies
Result: NOTE Packages suggested but not available for checking: 'dggrids', 'INLA' Flavors: r-devel-linux-x86_64-debian-clang, r-patched-linux-x86_64, r-release-linux-x86_64, r-release-macos-arm64, r-release-macos-x86_64, r-oldrel-macos-arm64, r-oldrel-macos-x86_64

Version: 2.2.3
Check: package dependencies
Result: ERROR Packages required but not available: 'dplyr', 'ggplot2', 'Hmisc', 'ggpubr', 'reshape2' Packages suggested but not available for checking: 'dggrids', 'INLA', 'lme4', 'testthat' See section ‘The DESCRIPTION file’ in the ‘Writing R Extensions’ manual. Flavor: r-devel-linux-x86_64-debian-gcc

Version: 2.2.3
Check: package dependencies
Result: NOTE Package suggested but not available for checking: ‘dggrids’ Flavors: r-devel-linux-x86_64-fedora-clang, r-devel-linux-x86_64-fedora-gcc

Version: 2.2.3
Check: installed package size
Result: NOTE installed size is 9.5Mb sub-directories of 1Mb or more: data 4.9Mb doc 1.9Mb libs 1.7Mb Flavors: r-devel-linux-x86_64-fedora-clang, r-release-macos-arm64, r-release-macos-x86_64, r-oldrel-macos-arm64, r-oldrel-macos-x86_64

Version: 2.2.3
Flags: --no-vignettes
Check: package dependencies
Result: NOTE Package suggested but not available for checking: 'dggrids' Flavors: r-devel-windows-x86_64, r-release-windows-x86_64

Version: 2.2.3
Flags: --no-vignettes
Check: installed package size
Result: NOTE installed size is 20.6Mb sub-directories of 1Mb or more: data 4.8Mb doc 1.8Mb libs 12.8Mb Flavors: r-devel-windows-x86_64, r-release-windows-x86_64, r-oldrel-windows-x86_64

Version: 2.2.3
Check: re-building of vignette outputs
Result: WARN Error(s) in re-building vignettes: --- re-building ‘FRK_intro.Rnw’ using knitr Error: processing vignette 'FRK_intro.Rnw' failed with diagnostics: Running 'texi2dvi' on 'FRK_intro.tex' failed. LaTeX errors: ! Undefined control sequence. l.315 \hlkwd{library}\hldef {(sp)} \hlcom{# for defining points/polygons} ? ! Emergency stop. l.315 End of file on the terminal! ! ==> Fatal error occurred, no output PDF file produced! --- failed re-building ‘FRK_intro.Rnw’ --- re-building ‘FRK_non-Gaussian.Rnw’ using knitr Error: processing vignette 'FRK_non-Gaussian.Rnw' failed with diagnostics: Running 'texi2dvi' on 'FRK_non-Gaussian.tex' failed. LaTeX errors: ! Undefined control sequence. l.387 \hlkwd{library}\hldef {(}\hlsng{"FRK"}\hldef{)} \hlcom{# for carr... ? ! Emergency stop. l.387 End of file on the terminal! ! ==> Fatal error occurred, no output PDF file produced! --- failed re-building ‘FRK_non-Gaussian.Rnw’ SUMMARY: processing the following files failed: ‘FRK_intro.Rnw’ ‘FRK_non-Gaussian.Rnw’ Error: Vignette re-building failed. Execution halted Flavor: r-release-macos-x86_64

Version: 2.2.3
Flags: --no-vignettes
Check: package dependencies
Result: NOTE Packages suggested but not available for checking: 'dggrids', 'INLA' Flavor: r-oldrel-windows-x86_64