CRAN Package Check Results for Package FLORAL

Last updated on 2024-06-20 00:59:32 CEST.

Flavor Version Tinstall Tcheck Ttotal Status Flags
r-devel-linux-x86_64-debian-clang 0.2.0 78.81 415.32 494.13 OK
r-devel-linux-x86_64-debian-gcc 0.2.0 54.64 389.47 444.11 OK
r-devel-linux-x86_64-fedora-clang 0.2.0 855.02 OK
r-devel-linux-x86_64-fedora-gcc 0.2.0 709.21 OK
r-devel-windows-x86_64 0.2.0 50.00 350.00 400.00 OK
r-patched-linux-x86_64 0.2.0 50.90 486.54 537.44 OK
r-release-linux-x86_64 0.2.0 45.68 470.97 516.65 OK
r-release-macos-arm64 0.2.0 200.00 NOTE
r-release-macos-x86_64 0.2.0 309.00 NOTE
r-release-windows-x86_64 0.2.0 49.00 103.00 152.00 FAIL
r-oldrel-macos-arm64 0.2.0 186.00 NOTE
r-oldrel-macos-x86_64 0.2.0 546.00 NOTE
r-oldrel-windows-x86_64 0.2.0 73.00 451.00 524.00 OK

Check Details

Version: 0.2.0
Check: installed package size
Result: NOTE installed size is 5.2Mb sub-directories of 1Mb or more: libs 4.2Mb Flavors: r-release-macos-arm64, r-release-macos-x86_64, r-oldrel-macos-arm64, r-oldrel-macos-x86_64

Version: 0.2.0
Check: whether the namespace can be unloaded cleanly
Result: WARN Error in readRDS(nsInfoFilePath) : error reading from connection Calls: suppressMessages ... namespaceImportFrom -> asNamespace -> loadNamespace -> readRDS Execution halted Flavor: r-release-windows-x86_64

Version: 0.2.0
Check: for code/documentation mismatches
Result: WARN Error: package or namespace load failed for 'FLORAL': cannot allocate vector of size 2.2 Mb Call sequence: 6: stop(msg, call. = FALSE, domain = NA) 5: value[[3L]](cond) 4: tryCatchOne(expr, names, parentenv, handlers[[1L]]) 3: tryCatchList(expr, classes, parentenv, handlers) 2: tryCatch({ attr(package, "LibPath") <- which.lib.loc ns <- loadNamespace(package, lib.loc) env <- attachNamespace(ns, pos = pos, deps, exclude, include.only) }, error = function(e) { P <- if (!is.null(cc <- conditionCall(e))) paste(" in", deparse(cc)[1L]) else "" msg <- gettextf("package or namespace load failed for %s%s:\n %s", sQuote(package), P, conditionMessage(e)) if (logical.return && !quietly) message(paste("Error:", msg), domain = NA) else stop(msg, call. = FALSE, domain = NA) }) 1: library(package, lib.loc = lib.loc, character.only = TRUE, verbose = FALSE) Execution halted Flavor: r-release-windows-x86_64

Version: 0.2.0
Check: installed files from ‘inst/doc’
Result: FAIL
Flavor: r-release-windows-x86_64