CRAN Package Check Results for Package FFdownload

Last updated on 2021-06-20 23:49:43 CEST.

Flavor Version Tinstall Tcheck Ttotal Status Flags
r-devel-linux-x86_64-debian-clang 1.0.6 3.19 34.23 37.42 OK
r-devel-linux-x86_64-debian-gcc 1.0.6 2.87 26.56 29.43 OK
r-devel-linux-x86_64-fedora-clang 1.0.6 54.31 OK
r-devel-linux-x86_64-fedora-gcc 1.0.6 43.79 OK
r-devel-windows-x86_64 1.0.6 6.00 53.00 59.00 OK
r-devel-windows-x86_64-gcc10-UCRT 1.0.6 ERROR
r-patched-linux-x86_64 1.0.6 3.76 33.10 36.86 OK
r-patched-solaris-x86 1.0.6 68.00 OK
r-release-linux-x86_64 1.0.6 3.56 32.90 36.46 OK
r-release-macos-arm64 1.0.6 OK
r-release-macos-x86_64 1.0.6 OK
r-release-windows-ix86+x86_64 1.0.6 9.00 53.00 62.00 OK
r-oldrel-macos-x86_64 1.0.6 OK

Check Details

Version: 1.0.6
Check: package dependencies
Result: ERROR
    Package required but not available: 'rvest'
    
    See section 'The DESCRIPTION file' in the 'Writing R Extensions'
    manual.
Flavor: r-devel-windows-x86_64-gcc10-UCRT