CRAN Package Check Results for Package ExpertChoice

Last updated on 2021-11-28 23:50:26 CET.

Flavor Version Tinstall Tcheck Ttotal Status Flags
r-devel-linux-x86_64-debian-clang 0.2.0 NOTE
r-devel-linux-x86_64-debian-gcc 0.2.0 1.77 39.02 40.79 NOTE
r-devel-linux-x86_64-fedora-clang 0.2.0 75.49 NOTE
r-devel-linux-x86_64-fedora-gcc 0.2.0 64.70 NOTE
r-devel-windows-x86_64-new-UL 0.2.0 8.00 105.00 113.00 NOTE
r-devel-windows-x86_64-new-TK 0.2.0 NOTE
r-devel-windows-x86_64-old 0.2.0 4.00 65.00 69.00 NOTE
r-patched-linux-x86_64 0.2.0 2.40 48.50 50.90 NOTE
r-patched-solaris-x86 0.2.0 61.20 NOTE
r-release-linux-x86_64 0.2.0 1.92 48.73 50.65 NOTE
r-release-macos-arm64 0.2.0 NOTE
r-release-macos-x86_64 0.2.0 NOTE
r-release-windows-ix86+x86_64 0.2.0 6.00 82.00 88.00 NOTE
r-oldrel-macos-x86_64 0.2.0 OK
r-oldrel-windows-ix86+x86_64 0.2.0 19.00 71.00 90.00 OK

Check Details

Version: 0.2.0
Check: LazyData
Result: NOTE
     'LazyData' is specified without a 'data' directory
Flavors: r-devel-linux-x86_64-debian-clang, r-devel-linux-x86_64-debian-gcc, r-devel-linux-x86_64-fedora-clang, r-devel-linux-x86_64-fedora-gcc, r-devel-windows-x86_64-new-UL, r-devel-windows-x86_64-new-TK, r-devel-windows-x86_64-old, r-patched-linux-x86_64, r-patched-solaris-x86, r-release-linux-x86_64, r-release-macos-arm64, r-release-macos-x86_64, r-release-windows-ix86+x86_64