CRAN Package Check Results for Package ExomeDepth

Last updated on 2022-01-21 23:48:46 CET.

Flavor Version Tinstall Tcheck Ttotal Status Flags
r-devel-linux-x86_64-debian-clang 1.1.15 42.78 318.60 361.38 OK
r-devel-linux-x86_64-debian-gcc 1.1.15 37.75 238.17 275.92 OK
r-devel-linux-x86_64-fedora-clang 1.1.15 433.67 OK
r-devel-linux-x86_64-fedora-gcc 1.1.15 416.03 OK
r-devel-windows-x86_64-new-UL 1.1.15 116.00 348.00 464.00 OK
r-devel-windows-x86_64-new-TK 1.1.15 OK
r-patched-linux-x86_64 1.1.15 40.24 298.05 338.29 OK
r-release-linux-x86_64 1.1.15 39.81 297.73 337.54 OK
r-release-macos-arm64 1.1.15 OK
r-release-macos-x86_64 1.1.15 WARN
r-release-windows-ix86+x86_64 1.1.15 100.00 441.00 541.00 OK
r-oldrel-macos-x86_64 1.1.15 WARN
r-oldrel-windows-ix86+x86_64 1.1.15 102.00 450.00 552.00 OK

Check Details

Version: 1.1.15
Check: whether package can be installed
Result: WARN
    Found the following significant warnings:
     VP_psi.c:843:8: warning: 'gsl_finite' is deprecated: first deprecated in macOS 10.9 [-Wdeprecated-declarations]
     VP_psi.c:843:41: warning: 'gsl_finite' is deprecated: first deprecated in macOS 10.9 [-Wdeprecated-declarations]
Flavors: r-release-macos-x86_64, r-oldrel-macos-x86_64