CRAN Package Check Results for Package EvoPhylo

Last updated on 2023-05-29 00:59:33 CEST.

Flavor Version Tinstall Tcheck Ttotal Status Flags
r-devel-linux-x86_64-debian-clang 0.3.2 12.18 302.13 314.31 OK
r-devel-linux-x86_64-debian-gcc 0.3.2 9.91 223.23 233.14 OK
r-devel-linux-x86_64-fedora-clang 0.3.2 413.26 NOTE
r-devel-linux-x86_64-fedora-gcc 0.3.2 408.59 OK
r-devel-windows-x86_64 0.3.2 12.00 236.00 248.00 NOTE
r-patched-linux-x86_64 0.3.2 17.43 284.41 301.84 OK
r-release-linux-x86_64 0.3.2 9.96 283.44 293.40 OK
r-release-macos-arm64 0.3.2 129.00 NOTE
r-release-macos-x86_64 0.3.2 179.00 NOTE
r-release-windows-x86_64 0.3.2 18.00 309.00 327.00 NOTE
r-oldrel-macos-arm64 0.3.2 146.00 NOTE
r-oldrel-macos-x86_64 0.3.2 164.00 NOTE
r-oldrel-windows-x86_64 0.3.2 17.00 311.00 328.00 NOTE

Check Details

Version: 0.3.2
Check: installed package size
Result: NOTE
     installed size is 6.8Mb
     sub-directories of 1Mb or more:
     data 2.5Mb
     doc 1.6Mb
     extdata 2.4Mb
Flavors: r-devel-linux-x86_64-fedora-clang, r-devel-windows-x86_64, r-release-macos-arm64, r-release-macos-x86_64, r-release-windows-x86_64, r-oldrel-macos-arm64, r-oldrel-macos-x86_64, r-oldrel-windows-x86_64