CRAN Package Check Results for Package EviewsR

Last updated on 2022-01-26 23:50:17 CET.

Flavor Version Tinstall Tcheck Ttotal Status Flags
r-devel-linux-x86_64-debian-clang 0.1.0 2.22 32.14 34.36 NOTE
r-devel-linux-x86_64-debian-gcc 0.1.0 1.66 25.35 27.01 NOTE
r-devel-linux-x86_64-fedora-clang 0.1.0 44.18 NOTE
r-devel-linux-x86_64-fedora-gcc 0.1.0 31.90 NOTE
r-devel-windows-x86_64-new-UL 0.1.0 32.00 52.00 84.00 NOTE
r-devel-windows-x86_64-new-TK 0.1.0 NOTE
r-patched-linux-x86_64 0.1.0 1.97 30.08 32.05 NOTE
r-release-linux-x86_64 0.1.0 1.83 29.62 31.45 NOTE
r-release-macos-arm64 0.1.0 NOTE
r-release-macos-x86_64 0.1.0 NOTE
r-release-windows-ix86+x86_64 0.1.0 5.00 38.00 43.00 NOTE
r-oldrel-macos-x86_64 0.1.0 OK
r-oldrel-windows-ix86+x86_64 0.1.0 5.00 38.00 43.00 OK

Check Details

Version: 0.1.0
Check: LazyData
Result: NOTE
     'LazyData' is specified without a 'data' directory
Flavors: r-devel-linux-x86_64-debian-clang, r-devel-linux-x86_64-debian-gcc, r-devel-linux-x86_64-fedora-clang, r-devel-linux-x86_64-fedora-gcc, r-devel-windows-x86_64-new-UL, r-devel-windows-x86_64-new-TK, r-patched-linux-x86_64, r-release-linux-x86_64, r-release-macos-arm64, r-release-macos-x86_64, r-release-windows-ix86+x86_64