CRAN Package Check Results for Package EntropicStatistics

Last updated on 2024-06-14 00:53:41 CEST.

Flavor Version Tinstall Tcheck Ttotal Status Flags
r-devel-linux-x86_64-debian-clang 0.1.0 8.00 64.19 72.19 OK
r-devel-linux-x86_64-debian-gcc 0.1.0 0.29 1.59 1.88 ERROR
r-devel-linux-x86_64-fedora-clang 0.1.0 93.95 OK
r-devel-linux-x86_64-fedora-gcc 0.1.0 83.91 OK
r-devel-windows-x86_64 0.1.0 8.00 69.00 77.00 OK
r-patched-linux-x86_64 0.1.0 5.37 61.42 66.79 OK
r-release-linux-x86_64 0.1.0 4.71 60.94 65.65 OK
r-release-macos-arm64 0.1.0 26.00 OK
r-release-macos-x86_64 0.1.0 43.00 OK
r-release-windows-x86_64 0.1.0 7.00 36.00 43.00 WARN
r-oldrel-macos-arm64 0.1.0 32.00 OK
r-oldrel-macos-x86_64 0.1.0 55.00 OK
r-oldrel-windows-x86_64 0.1.0 10.00 80.00 90.00 OK

Check Details

Version: 0.1.0
Check: package dependencies
Result: ERROR Packages required but not available: 'ggplot2', 'ggrepel', 'hrbrthemes', 'tidyverse', 'dplyr', 'tidyr', 'tibble' Package suggested but not available for checking: ‘testthat’ See section ‘The DESCRIPTION file’ in the ‘Writing R Extensions’ manual. Flavor: r-devel-linux-x86_64-debian-gcc

Version: 0.1.0
Check: for code/documentation mismatches
Result: WARN Mingw-w64 runtime failure: VirtualProtect failed with code 0x5af Flavor: r-release-windows-x86_64