CRAN Package Check Results for Package EmiR

Last updated on 2022-11-25 22:51:31 CET.

Flavor Version Tinstall Tcheck Ttotal Status Flags
r-devel-linux-x86_64-debian-clang 1.0.3 405.18 49.37 454.55 NOTE
r-devel-linux-x86_64-debian-gcc 1.0.3 312.47 38.44 350.91 NOTE
r-devel-linux-x86_64-fedora-clang 1.0.3 783.03 NOTE
r-devel-linux-x86_64-fedora-gcc 1.0.3 629.64 NOTE
r-devel-windows-x86_64 1.0.3 344.00 115.00 459.00 NOTE
r-patched-linux-x86_64 1.0.3 OK
r-release-linux-x86_64 1.0.3 252.02 47.28 299.30 OK
r-release-macos-arm64 1.0.3 153.00 NOTE
r-release-macos-x86_64 1.0.3 198.00 NOTE
r-release-windows-x86_64 1.0.3 327.00 114.00 441.00 OK
r-oldrel-macos-arm64 1.0.3 155.00 NOTE
r-oldrel-macos-x86_64 1.0.3 191.00 NOTE
r-oldrel-windows-ix86+x86_64 1.0.3 102.00 18.00 120.00 ERROR

Check Details

Version: 1.0.3
Check: Rd files
Result: NOTE
    checkRd: (-1) freudenstein_roth_func.Rd:29: Escaped LaTeX specials: \&
Flavors: r-devel-linux-x86_64-debian-clang, r-devel-linux-x86_64-debian-gcc, r-devel-linux-x86_64-fedora-clang, r-devel-linux-x86_64-fedora-gcc, r-devel-windows-x86_64

Version: 1.0.3
Check: installed package size
Result: NOTE
     installed size is 15.2Mb
     sub-directories of 1Mb or more:
     libs 14.8Mb
Flavors: r-release-macos-arm64, r-release-macos-x86_64, r-oldrel-macos-arm64, r-oldrel-macos-x86_64

Version: 1.0.3
Check: whether package can be installed
Result: ERROR
    Installation failed.
Flavor: r-oldrel-windows-ix86+x86_64