Last updated on 2023-01-30 00:31:10 CET.
Flavor | Version | Tinstall | Tcheck | Ttotal | Status | Flags |
---|---|---|---|---|---|---|
r-devel-linux-x86_64-debian-clang | 0.4.7 | 428.22 | 296.44 | 724.66 | NOTE | |
r-devel-linux-x86_64-debian-gcc | 0.4.7 | 410.95 | 260.62 | 671.57 | NOTE | |
r-devel-linux-x86_64-fedora-clang | 0.4.7 | 937.54 | NOTE | |||
r-devel-linux-x86_64-fedora-gcc | 0.4.7 | 1082.23 | NOTE | |||
r-devel-windows-x86_64 | 0.4.7 | 568.00 | 432.00 | 1000.00 | NOTE | |
r-patched-linux-x86_64 | 0.4.7 | 410.25 | 316.92 | 727.17 | NOTE | |
r-release-linux-x86_64 | 0.4.7 | 432.43 | 332.43 | 764.86 | NOTE | |
r-release-macos-arm64 | 0.4.7 | 248.00 | NOTE | |||
r-release-macos-x86_64 | 0.4.7 | 349.00 | NOTE | |||
r-release-windows-x86_64 | 0.4.7 | 336.00 | 429.00 | 765.00 | NOTE | |
r-oldrel-macos-arm64 | 0.4.7 | 242.00 | NOTE | |||
r-oldrel-macos-x86_64 | 0.4.7 | 343.00 | NOTE | |||
r-oldrel-windows-ix86+x86_64 | 0.4.7 | 968.00 | 747.00 | 1715.00 | NOTE |
Version: 0.4.7
Check: for GNU extensions in Makefiles
Result: NOTE
GNU make is a SystemRequirements.
Flavors: r-devel-linux-x86_64-debian-clang, r-devel-linux-x86_64-debian-gcc, r-devel-linux-x86_64-fedora-clang, r-devel-linux-x86_64-fedora-gcc, r-devel-windows-x86_64, r-patched-linux-x86_64, r-release-linux-x86_64, r-release-macos-arm64, r-release-macos-x86_64, r-release-windows-x86_64, r-oldrel-macos-arm64, r-oldrel-macos-x86_64, r-oldrel-windows-ix86+x86_64
Version: 0.4.7
Check: C++ specification
Result: NOTE
Specified C++14: please update to current default of C++17
Flavors: r-devel-linux-x86_64-debian-gcc, r-devel-linux-x86_64-fedora-gcc, r-devel-windows-x86_64
Version: 0.4.7
Check: installed package size
Result: NOTE
installed size is 6.1Mb
sub-directories of 1Mb or more:
libs 4.8Mb
Flavors: r-devel-linux-x86_64-fedora-clang, r-devel-windows-x86_64, r-release-macos-arm64, r-release-macos-x86_64, r-release-windows-x86_64, r-oldrel-macos-arm64, r-oldrel-macos-x86_64, r-oldrel-windows-ix86+x86_64