CRAN Package Check Results for Package EdSurvey

Last updated on 2024-06-14 00:53:40 CEST.

Flavor Version Tinstall Tcheck Ttotal Status Flags
r-devel-linux-x86_64-debian-clang 4.0.6 72.53 404.01 476.54 OK
r-devel-linux-x86_64-debian-gcc 4.0.6 0.95 1.75 2.70 ERROR
r-devel-linux-x86_64-fedora-clang 4.0.6 621.62 OK
r-devel-linux-x86_64-fedora-gcc 4.0.6 579.52 OK
r-devel-windows-x86_64 4.0.6 46.00 306.00 352.00 OK
r-patched-linux-x86_64 4.0.6 49.08 405.33 454.41 OK
r-release-linux-x86_64 4.0.6 53.56 394.20 447.76 OK
r-release-macos-arm64 4.0.6 125.00 OK
r-release-macos-x86_64 4.0.6 214.00 OK
r-release-windows-x86_64 4.0.6 47.00 138.00 185.00 FAIL
r-oldrel-macos-arm64 4.0.6 145.00 OK
r-oldrel-macos-x86_64 4.0.6 303.00 OK
r-oldrel-windows-x86_64 4.0.6 63.00 405.00 468.00 OK

Check Details

Version: 4.0.6
Check: package dependencies
Result: ERROR Packages required but not available: 'car', 'Dire', 'haven', 'lme4', 'readxl', 'tibble', 'WeMix' Package suggested but not available for checking: ‘testthat’ See section ‘The DESCRIPTION file’ in the ‘Writing R Extensions’ manual. Flavor: r-devel-linux-x86_64-debian-gcc

Version: 4.0.6
Check: whether the namespace can be unloaded cleanly
Result: WARN
Flavor: r-release-windows-x86_64

Version: 4.0.6
Check: R code for possible problems
Result: NOTE During startup - Warning messages: 1: package 'utils' in options("defaultPackages") was not found 2: In .getClassesFromCache(Class) : restarting interrupted promise evaluation Warning in grep("^[ABCDEFGHIJKLMNOPQRSTUVWXYZabcdefghijklmnopqrstuvwxyz0123456789]", : TRE pattern compilation error 'Out of memory' Error in grep("^[ABCDEFGHIJKLMNOPQRSTUVWXYZabcdefghijklmnopqrstuvwxyz0123456789]", : invalid regular expression '^[ABCDEFGHIJKLMNOPQRSTUVWXYZabcdefghijklmnopqrstuvwxyz0123456789]', reason 'Out of memory' Calls: <Anonymous> ... .find_calls_in_package_code -> list_files_with_type -> grep Execution halted Flavor: r-release-windows-x86_64

Version: 4.0.6
Check: Rd \usage sections
Result: NOTE Mingw-w64 runtime failure: VirtualProtect failed with code 0x5af The \usage entries for S3 methods should use the \method markup and not their full name. See chapter 'Writing R documentation files' in the 'Writing R Extensions' manual. Flavor: r-release-windows-x86_64

Version: 4.0.6
Check: Rd contents
Result: NOTE Fatal error: couldn't allocate node stack Flavor: r-release-windows-x86_64

Version: 4.0.6
Check: for unstated dependencies in examples
Result: WARN Fatal error: couldn't allocate node stack Flavor: r-release-windows-x86_64

Version: 4.0.6
Check: installed files from ‘inst/doc’
Result: FAIL
Flavor: r-release-windows-x86_64