Last updated on 2023-02-03 23:51:31 CET.
Flavor | Version | Tinstall | Tcheck | Ttotal | Status | Flags |
---|---|---|---|---|---|---|
r-devel-linux-x86_64-debian-clang | 4.1.3 | 14.55 | 153.43 | 167.98 | OK | |
r-devel-linux-x86_64-debian-gcc | 4.1.3 | 11.53 | 112.14 | 123.67 | OK | |
r-devel-linux-x86_64-fedora-clang | 4.1.3 | 231.34 | NOTE | |||
r-devel-linux-x86_64-fedora-gcc | 4.1.3 | 217.86 | NOTE | |||
r-devel-windows-x86_64 | 4.1.3 | 41.00 | 204.00 | 245.00 | OK | |
r-patched-linux-x86_64 | 4.1.3 | 9.89 | 145.76 | 155.65 | OK | |
r-release-linux-x86_64 | 4.1.3 | 10.29 | 125.49 | 135.78 | OK | |
r-release-macos-arm64 | 4.1.3 | 56.00 | NOTE | |||
r-release-macos-x86_64 | 4.1.3 | 87.00 | NOTE | |||
r-release-windows-x86_64 | 4.1.3 | 41.00 | 192.00 | 233.00 | OK | |
r-oldrel-macos-arm64 | 4.1.3 | 62.00 | NOTE | |||
r-oldrel-macos-x86_64 | 4.1.3 | 88.00 | NOTE | |||
r-oldrel-windows-ix86+x86_64 | 4.1.3 | 32.00 | 181.00 | 213.00 | OK |
Version: 4.1.3
Check: dependencies in R code
Result: NOTE
Namespace in Imports field not imported from: ‘metadat’
All declared Imports should be used.
Flavors: r-devel-linux-x86_64-fedora-clang, r-devel-linux-x86_64-fedora-gcc, r-release-macos-arm64, r-release-macos-x86_64, r-oldrel-macos-arm64, r-oldrel-macos-x86_64