CRAN Package Check Results for Package ERSA

Last updated on 2021-09-23 23:50:05 CEST.

Flavor Version Tinstall Tcheck Ttotal Status Flags
r-devel-linux-x86_64-debian-clang 0.1.3 7.15 75.37 82.52 NOTE
r-devel-linux-x86_64-debian-gcc 0.1.3 5.99 56.00 61.99 NOTE
r-devel-linux-x86_64-fedora-clang 0.1.3 109.00 NOTE
r-devel-linux-x86_64-fedora-gcc 0.1.3 93.22 NOTE
r-devel-windows-x86_64 0.1.3 10.00 70.00 80.00 NOTE
r-devel-windows-x86_64-gcc10-UCRT 0.1.3 NOTE
r-patched-linux-x86_64 0.1.3 7.25 69.56 76.81 NOTE
r-patched-solaris-x86 0.1.3 132.90 NOTE
r-release-linux-x86_64 0.1.3 7.35 69.92 77.27 NOTE
r-release-macos-arm64 0.1.3 NOTE
r-release-macos-x86_64 0.1.3 NOTE
r-release-windows-ix86+x86_64 0.1.3 18.00 95.00 113.00 NOTE
r-oldrel-macos-x86_64 0.1.3 OK
r-oldrel-windows-ix86+x86_64 0.1.3 14.00 68.00 82.00 OK

Check Details

Version: 0.1.3
Check: LazyData
Result: NOTE
     'LazyData' is specified without a 'data' directory
Flavors: r-devel-linux-x86_64-debian-clang, r-devel-linux-x86_64-debian-gcc, r-devel-linux-x86_64-fedora-clang, r-devel-linux-x86_64-fedora-gcc, r-devel-windows-x86_64, r-devel-windows-x86_64-gcc10-UCRT, r-patched-linux-x86_64, r-patched-solaris-x86, r-release-linux-x86_64, r-release-macos-arm64, r-release-macos-x86_64, r-release-windows-ix86+x86_64