CRAN Package Check Results for Package EMMIXgene

Last updated on 2022-01-16 23:51:31 CET.

Flavor Version Tinstall Tcheck Ttotal Status Flags
r-devel-linux-x86_64-debian-clang 0.1.3 56.13 91.25 147.38 OK
r-devel-linux-x86_64-debian-gcc 0.1.3 44.80 73.76 118.56 OK
r-devel-linux-x86_64-fedora-clang 0.1.3 204.21 NOTE
r-devel-linux-x86_64-fedora-gcc 0.1.3 182.89 OK
r-devel-windows-x86_64-new-UL 0.1.3 67.00 129.00 196.00 OK
r-devel-windows-x86_64-new-TK 0.1.3 OK
r-patched-linux-x86_64 0.1.3 54.83 86.86 141.69 OK
r-release-linux-x86_64 0.1.3 OK
r-release-macos-arm64 0.1.3 NOTE
r-release-macos-x86_64 0.1.3 NOTE
r-release-windows-ix86+x86_64 0.1.3 143.00 157.00 300.00 NOTE
r-oldrel-macos-x86_64 0.1.3 NOTE
r-oldrel-windows-ix86+x86_64 0.1.3 143.00 158.00 301.00 NOTE

Check Details

Version: 0.1.3
Check: installed package size
Result: NOTE
     installed size is 6.1Mb
     sub-directories of 1Mb or more:
     data 2.0Mb
     libs 3.3Mb
Flavors: r-devel-linux-x86_64-fedora-clang, r-release-macos-arm64, r-release-macos-x86_64, r-release-windows-ix86+x86_64, r-oldrel-macos-x86_64, r-oldrel-windows-ix86+x86_64