CRAN Package Check Results for Package EMCluster

Last updated on 2021-10-15 23:50:27 CEST.

Flavor Version Tinstall Tcheck Ttotal Status Flags
r-devel-linux-x86_64-debian-clang 0.2-13 23.83 80.94 104.77 NOTE
r-devel-linux-x86_64-debian-gcc 0.2-13 17.98 62.30 80.28 NOTE
r-devel-linux-x86_64-fedora-clang 0.2-13 138.71 NOTE
r-devel-linux-x86_64-fedora-gcc 0.2-13 126.10 NOTE
r-devel-windows-x86_64 0.2-13 41.00 87.00 128.00 OK
r-devel-windows-x86_64-gcc10-UCRT 0.2-13 NOTE
r-patched-linux-x86_64 0.2-13 20.50 79.06 99.56 NOTE
r-patched-solaris-x86 0.2-13 182.40 NOTE
r-release-linux-x86_64 0.2-13 20.22 78.75 98.97 NOTE
r-release-macos-arm64 0.2-13 OK
r-release-macos-x86_64 0.2-13 OK
r-release-windows-ix86+x86_64 0.2-13 90.00 145.00 235.00 OK
r-oldrel-macos-x86_64 0.2-13 OK
r-oldrel-windows-ix86+x86_64 0.2-13 95.00 146.00 241.00 OK

Check Details

Version: 0.2-13
Check: package dependencies
Result: NOTE
    Package which this enhances but not available for checking: 'PPtree'
Flavors: r-devel-linux-x86_64-debian-clang, r-devel-linux-x86_64-debian-gcc, r-devel-linux-x86_64-fedora-clang, r-devel-linux-x86_64-fedora-gcc, r-devel-windows-x86_64-gcc10-UCRT, r-patched-linux-x86_64, r-patched-solaris-x86, r-release-linux-x86_64