CRAN Package Check Results for Package EIAdata

Last updated on 2022-01-26 23:50:16 CET.

Flavor Version Tinstall Tcheck Ttotal Status Flags
r-devel-linux-x86_64-debian-clang 0.1.2 2.93 41.45 44.38 OK
r-devel-linux-x86_64-debian-gcc 0.1.2 2.44 33.07 35.51 OK
r-devel-linux-x86_64-fedora-clang 0.1.2 53.75 OK
r-devel-linux-x86_64-fedora-gcc 0.1.2 43.89 OK
r-devel-windows-x86_64-new-UL 0.1.2 19.00 58.00 77.00 OK
r-devel-windows-x86_64-new-TK 0.1.2 OK
r-patched-linux-x86_64 0.1.2 2.93 39.10 42.03 OK
r-release-linux-x86_64 0.1.2 2.66 38.60 41.26 OK
r-release-macos-arm64 0.1.2 OK
r-release-macos-x86_64 0.1.2 WARN --as-cran
r-release-windows-ix86+x86_64 0.1.2 8.00 49.00 57.00 OK
r-oldrel-macos-x86_64 0.1.2 OK
r-oldrel-windows-ix86+x86_64 0.1.2 8.00 48.00 56.00 OK

Check Details

Version: 0.1.2
Flags: --as-cran
Check: CRAN incoming feasibility
Result: WARN
    Maintainer: ‘Matthew Brigida <mdbrigida@gmail.com>’
    
    Insufficient package version (submitted: 0.1.2, existing: 0.1.2)
    
    Days since last update: 0
Flavor: r-release-macos-x86_64