CRAN Package Check Results for Package EGRETci

Last updated on 2022-01-21 23:48:45 CET.

Flavor Version Tinstall Tcheck Ttotal Status Flags
r-devel-linux-x86_64-debian-clang 2.0.4 5.55 56.64 62.19 OK
r-devel-linux-x86_64-debian-gcc 2.0.4 4.78 44.19 48.97 OK
r-devel-linux-x86_64-fedora-clang 2.0.4 77.87 OK
r-devel-linux-x86_64-fedora-gcc 2.0.4 65.71 OK
r-devel-windows-x86_64-new-UL 2.0.4 33.00 81.00 114.00 OK
r-devel-windows-x86_64-new-TK 2.0.4 OK
r-patched-linux-x86_64 2.0.4 13.60 56.31 69.91 OK
r-release-linux-x86_64 2.0.4 3.88 57.14 61.02 OK
r-release-macos-arm64 2.0.4 ERROR
r-release-macos-x86_64 2.0.4 OK
r-release-windows-ix86+x86_64 2.0.4 11.00 71.00 82.00 OK
r-oldrel-macos-x86_64 2.0.4 OK
r-oldrel-windows-ix86+x86_64 2.0.4 11.00 70.00 81.00 OK

Check Details

Version: 2.0.4
Check: tests
Result: ERROR
     Running ‘testthat.R’ [1s/1s]
    Running the tests in ‘tests/testthat.R’ failed.
    Last 13 lines of output:
     > library(testthat)
     > library(EGRETci)
     > test_check("EGRETci")
     ══ Skipped tests ═══════════════════════════════════════════════════════════════
     • On CRAN (10)
    
     ══ Failed tests ════════════════════════════════════════════════════════════════
     ── Failure (tests_boot_tests.R:112:3): paVector ────────────────────────────────
     `paIndexWinter` not equal to 11:13.
     Lengths differ: 4 is not 3
    
     [ FAIL 1 | WARN 0 | SKIP 10 | PASS 16 ]
     Error: Test failures
     Execution halted
Flavor: r-release-macos-arm64