CRAN Package Check Results for Package ECctmc

Last updated on 2023-02-06 23:55:42 CET.

Flavor Version Tinstall Tcheck Ttotal Status Flags
r-devel-linux-x86_64-debian-clang 0.2.5 37.20 32.26 69.46 NOTE
r-devel-linux-x86_64-debian-gcc 0.2.5 32.02 24.69 56.71 NOTE
r-devel-linux-x86_64-fedora-clang 0.2.5 108.92 NOTE
r-devel-linux-x86_64-fedora-gcc 0.2.5 108.73 NOTE
r-devel-windows-x86_64 0.2.5 42.00 80.00 122.00 NOTE
r-patched-linux-x86_64 0.2.5 34.58 31.90 66.48 NOTE
r-release-linux-x86_64 0.2.5 31.27 32.44 63.71 NOTE
r-release-macos-arm64 0.2.5 31.00 NOTE
r-release-macos-x86_64 0.2.5 41.00 NOTE
r-release-windows-x86_64 0.2.5 40.00 89.00 129.00 NOTE
r-oldrel-macos-arm64 0.2.5 33.00 NOTE
r-oldrel-macos-x86_64 0.2.5 56.00 NOTE
r-oldrel-windows-ix86+x86_64 0.2.5 95.00 83.00 178.00 NOTE

Check Details

Version: 0.2.5
Check: LazyData
Result: NOTE
     'LazyData' is specified without a 'data' directory
Flavors: r-devel-linux-x86_64-debian-clang, r-devel-linux-x86_64-debian-gcc, r-devel-linux-x86_64-fedora-clang, r-devel-linux-x86_64-fedora-gcc, r-devel-windows-x86_64, r-patched-linux-x86_64, r-release-linux-x86_64, r-release-macos-arm64, r-release-macos-x86_64, r-release-windows-x86_64, r-oldrel-macos-arm64, r-oldrel-macos-x86_64, r-oldrel-windows-ix86+x86_64