CRAN Package Check Results for Package ECctmc

Last updated on 2023-09-21 00:56:30 CEST.

Flavor Version Tinstall Tcheck Ttotal Status Flags
r-devel-linux-x86_64-debian-clang 0.2.5 38.86 32.34 71.20 NOTE
r-devel-linux-x86_64-debian-gcc 0.2.5 27.98 25.12 53.10 NOTE
r-devel-linux-x86_64-fedora-clang 0.2.5 101.36 NOTE
r-devel-linux-x86_64-fedora-gcc 0.2.5 115.93 NOTE
r-devel-windows-x86_64 0.2.5 34.00 65.00 99.00 NOTE
r-patched-linux-x86_64 0.2.5 40.56 31.22 71.78 NOTE
r-release-linux-x86_64 0.2.5 39.91 31.89 71.80 NOTE
r-release-macos-arm64 0.2.5 37.00 NOTE
r-release-macos-x86_64 0.2.5 57.00 NOTE
r-release-windows-x86_64 0.2.5 43.00 71.00 114.00 NOTE
r-oldrel-macos-arm64 0.2.5 32.00 NOTE
r-oldrel-macos-x86_64 0.2.5 41.00 NOTE
r-oldrel-windows-x86_64 0.2.5 40.00 70.00 110.00 NOTE

Check Details

Version: 0.2.5
Check: LazyData
Result: NOTE
     'LazyData' is specified without a 'data' directory
Flavors: r-devel-linux-x86_64-debian-clang, r-devel-linux-x86_64-debian-gcc, r-devel-linux-x86_64-fedora-clang, r-devel-linux-x86_64-fedora-gcc, r-devel-windows-x86_64, r-patched-linux-x86_64, r-release-linux-x86_64, r-release-macos-arm64, r-release-macos-x86_64, r-release-windows-x86_64, r-oldrel-macos-arm64, r-oldrel-macos-x86_64, r-oldrel-windows-x86_64