CRAN Package Check Results for Package EBMAforecast

Last updated on 2021-08-03 23:52:06 CEST.

Flavor Version Tinstall Tcheck Ttotal Status Flags
r-devel-linux-x86_64-debian-clang 1.0.2 33.93 106.85 140.78 OK
r-devel-linux-x86_64-debian-gcc 1.0.2 26.01 78.33 104.34 OK
r-devel-linux-x86_64-fedora-clang 1.0.2 183.90 NOTE
r-devel-linux-x86_64-fedora-gcc 1.0.2 167.42 NOTE
r-devel-windows-x86_64 1.0.2 64.00 136.00 200.00 OK
r-devel-windows-x86_64-gcc10-UCRT 1.0.2 NOTE
r-patched-linux-x86_64 1.0.2 30.19 98.42 128.61 OK
r-patched-solaris-x86 1.0.2 222.00 NOTE
r-release-linux-x86_64 1.0.2 31.46 99.15 130.61 OK
r-release-macos-arm64 1.0.2 NOTE
r-release-macos-x86_64 1.0.2 NOTE
r-release-windows-ix86+x86_64 1.0.2 80.00 134.00 214.00 OK
r-oldrel-macos-x86_64 1.0.2 NOTE
r-oldrel-windows-ix86+x86_64 1.0.2 59.00 184.00 243.00 OK

Check Details

Version: 1.0.2
Check: dependencies in R code
Result: NOTE
    Namespaces in Imports field not imported from:
     ‘gtools’ ‘separationplot’
     All declared Imports should be used.
Flavors: r-devel-linux-x86_64-fedora-clang, r-devel-linux-x86_64-fedora-gcc, r-devel-windows-x86_64-gcc10-UCRT, r-patched-solaris-x86, r-release-macos-arm64, r-release-macos-x86_64, r-oldrel-macos-x86_64