Last updated on 2023-01-27 23:37:55 CET.
Flavor | Version | Tinstall | Tcheck | Ttotal | Status | Flags |
---|---|---|---|---|---|---|
r-devel-linux-x86_64-debian-clang | 0.2.2 | 82.32 | 55.70 | 138.02 | NOTE | |
r-devel-linux-x86_64-debian-gcc | 0.2.2 | 68.75 | 43.54 | 112.29 | NOTE | |
r-devel-linux-x86_64-fedora-clang | 0.2.2 | 227.13 | NOTE | |||
r-devel-linux-x86_64-fedora-gcc | 0.2.2 | 197.74 | NOTE | |||
r-devel-windows-x86_64 | 0.2.2 | 75.00 | 132.00 | 207.00 | NOTE | |
r-patched-linux-x86_64 | 0.2.2 | 71.82 | 55.03 | 126.85 | NOTE | |
r-release-linux-x86_64 | 0.2.2 | 72.24 | 58.17 | 130.41 | NOTE | |
r-release-macos-arm64 | 0.2.2 | 52.00 | NOTE | |||
r-release-macos-x86_64 | 0.2.2 | 69.00 | NOTE | |||
r-release-windows-x86_64 | 0.2.2 | 80.00 | 138.00 | 218.00 | NOTE | |
r-oldrel-macos-arm64 | 0.2.2 | 62.00 | NOTE | |||
r-oldrel-macos-x86_64 | 0.2.2 | 105.00 | NOTE | |||
r-oldrel-windows-ix86+x86_64 | 0.2.2 | 229.00 | 154.00 | 383.00 | NOTE |
Version: 0.2.2
Check: LazyData
Result: NOTE
'LazyData' is specified without a 'data' directory
Flavors: r-devel-linux-x86_64-debian-clang, r-devel-linux-x86_64-debian-gcc, r-devel-linux-x86_64-fedora-clang, r-devel-linux-x86_64-fedora-gcc, r-devel-windows-x86_64, r-patched-linux-x86_64, r-release-linux-x86_64, r-release-macos-arm64, r-release-macos-x86_64, r-release-windows-x86_64, r-oldrel-macos-arm64, r-oldrel-macos-x86_64, r-oldrel-windows-ix86+x86_64
Version: 0.2.2
Check: C++ specification
Result: NOTE
Specified C++11: please update to current default of C++17
Flavors: r-devel-linux-x86_64-debian-gcc, r-devel-linux-x86_64-fedora-gcc