CRAN Package Check Results for Package DistatisR

Last updated on 2021-09-19 23:50:02 CEST.

Flavor Version Tinstall Tcheck Ttotal Status Flags
r-devel-linux-x86_64-debian-clang 1.0.1 6.27 62.56 68.83 OK
r-devel-linux-x86_64-debian-gcc 1.0.1 4.76 47.01 51.77 OK
r-devel-linux-x86_64-fedora-clang 1.0.1 91.01 OK
r-devel-linux-x86_64-fedora-gcc 1.0.1 74.03 OK
r-devel-windows-x86_64 1.0.1 7.00 65.00 72.00 OK
r-devel-windows-x86_64-gcc10-UCRT 1.0.1 ERROR
r-patched-linux-x86_64 1.0.1 6.09 57.59 63.68 OK
r-patched-solaris-x86 1.0.1 112.70 OK
r-release-linux-x86_64 1.0.1 5.32 57.34 62.66 OK
r-release-macos-arm64 1.0.1 OK
r-release-macos-x86_64 1.0.1 OK
r-release-windows-ix86+x86_64 1.0.1 14.00 83.00 97.00 OK
r-oldrel-macos-x86_64 1.0.1 OK
r-oldrel-windows-ix86+x86_64 1.0.1 14.00 61.00 75.00 OK

Check Details

Version: 1.0.1
Check: whether package can be installed
Result: WARN
    Found the following significant warnings:
     WARNING: installation-time patches will not be applied, could not get the patches index
Flavor: r-devel-windows-x86_64-gcc10-UCRT

Version: 1.0.1
Check: PDF version of manual
Result: WARN
    LaTeX errors when creating PDF version.
    This typically indicates Rd problems.
Flavor: r-devel-windows-x86_64-gcc10-UCRT

Version: 1.0.1
Check: PDF version of manual without hyperrefs or index
Result: ERROR
    Re-running with no redirection of stdout/stderr.
Flavor: r-devel-windows-x86_64-gcc10-UCRT