Last updated on 2023-01-27 23:37:55 CET.
Flavor | Version | Tinstall | Tcheck | Ttotal | Status | Flags |
---|---|---|---|---|---|---|
r-devel-linux-x86_64-debian-clang | 1.3.6 | 22.98 | 52.09 | 75.07 | NOTE | |
r-devel-linux-x86_64-debian-gcc | 1.3.6 | 19.61 | 39.46 | 59.07 | NOTE | |
r-devel-linux-x86_64-fedora-clang | 1.3.6 | 106.27 | NOTE | |||
r-devel-linux-x86_64-fedora-gcc | 1.3.6 | 107.46 | NOTE | |||
r-devel-windows-x86_64 | 1.3.6 | 41.00 | 98.00 | 139.00 | OK | |
r-patched-linux-x86_64 | 1.3.6 | 19.48 | 50.55 | 70.03 | NOTE | |
r-release-linux-x86_64 | 1.3.6 | 20.47 | 49.48 | 69.95 | NOTE | |
r-release-macos-arm64 | 1.3.6 | 31.00 | OK | |||
r-release-macos-x86_64 | 1.3.6 | 42.00 | OK | |||
r-release-windows-x86_64 | 1.3.6 | 55.00 | 99.00 | 154.00 | OK | |
r-oldrel-macos-arm64 | 1.3.6 | 43.00 | OK | |||
r-oldrel-macos-x86_64 | 1.3.6 | 41.00 | OK | |||
r-oldrel-windows-ix86+x86_64 | 1.3.6 | 58.00 | 95.00 | 153.00 | OK |
Version: 1.3.6
Check: package dependencies
Result: NOTE
Package suggested but not available for checking: ‘discreteMTP’
Flavors: r-devel-linux-x86_64-debian-clang, r-devel-linux-x86_64-debian-gcc, r-devel-linux-x86_64-fedora-clang, r-devel-linux-x86_64-fedora-gcc, r-patched-linux-x86_64, r-release-linux-x86_64
Version: 1.3.6
Check: Rd cross-references
Result: NOTE
Unknown package ‘discreteMTP’ in Rd xrefs
Flavors: r-devel-linux-x86_64-debian-clang, r-devel-linux-x86_64-debian-gcc, r-devel-linux-x86_64-fedora-clang, r-devel-linux-x86_64-fedora-gcc, r-patched-linux-x86_64, r-release-linux-x86_64